Last updated on 2025-11-16 06:50:02 CET.
| Flavor | Version | Tinstall | Tcheck | Ttotal | Status | Flags |
|---|---|---|---|---|---|---|
| r-devel-linux-x86_64-debian-gcc | 0.1.1 | 46.29 | 406.83 | 453.12 | OK | |
| r-devel-linux-x86_64-fedora-clang | 0.1.1 | 283.00 | 779.88 | 1062.88 | OK | |
| r-devel-linux-x86_64-fedora-gcc | 0.1.1 | 115.00 | 715.64 | 830.64 | OK | |
| r-release-linux-x86_64 | 0.1.1 | 64.32 | 557.37 | 621.69 | OK | |
| r-release-macos-arm64 | 0.1.1 | 5.00 | ERROR | |||
| r-release-macos-x86_64 | 0.1.1 | 7.00 | ERROR | |||
| r-release-windows-x86_64 | 0.1.1 | 100.00 | 519.00 | 619.00 | OK | |
| r-oldrel-macos-arm64 | 0.1.1 | 10.00 | ERROR | |||
| r-oldrel-macos-x86_64 | 0.1.1 | 12.00 | ERROR | |||
| r-oldrel-windows-x86_64 | 0.1.1 | 90.00 | 626.00 | 716.00 | OK |
Version: 0.1.1
Check: package dependencies
Result: ERROR
Packages required but not available: 'org.Hs.eg.db', 'ReactomePA'
See section ‘The DESCRIPTION file’ in the ‘Writing R Extensions’
manual.
Flavor: r-release-macos-arm64
Version: 0.1.1
Check: package dependencies
Result: ERROR
Package required but not available: ‘ReactomePA’
See section ‘The DESCRIPTION file’ in the ‘Writing R Extensions’
manual.
Flavors: r-release-macos-x86_64, r-oldrel-macos-arm64, r-oldrel-macos-x86_64