CRAN Package Check Results for Package ztpln

Last updated on 2025-07-24 18:54:09 CEST.

Flavor Version Tinstall Tcheck Ttotal Status Flags
r-devel-linux-x86_64-debian-clang 0.1.2 36.64 96.66 133.30 NOTE
r-devel-linux-x86_64-debian-gcc 0.1.2 28.07 73.36 101.43 NOTE
r-devel-linux-x86_64-fedora-clang 0.1.2 190.61 NOTE
r-devel-linux-x86_64-fedora-gcc 0.1.2 191.15 NOTE
r-devel-windows-x86_64 0.1.2 41.00 141.00 182.00 NOTE
r-patched-linux-x86_64 0.1.2 41.32 91.59 132.91 NOTE
r-release-linux-x86_64 0.1.2 42.24 90.87 133.11 NOTE
r-release-macos-arm64 0.1.2 83.00 NOTE
r-release-macos-x86_64 0.1.2 150.00 NOTE
r-release-windows-x86_64 0.1.2 44.00 141.00 185.00 NOTE
r-oldrel-macos-arm64 0.1.2 90.00 NOTE
r-oldrel-macos-x86_64 0.1.2 131.00 NOTE
r-oldrel-windows-x86_64 0.1.2 55.00 176.00 231.00 NOTE

Check Details

Version: 0.1.2
Check: CRAN incoming feasibility
Result: NOTE Maintainer: ‘Masatoshi Katabuchi <mattocci27@gmail.com>’ No Authors@R field in DESCRIPTION. Please add one, modifying Authors@R: person(given = "Masatoshi", family = "Katabuchi", role = c("aut", "cre"), email = "mattocci27@gmail.com") as necessary. Flavors: r-devel-linux-x86_64-debian-clang, r-devel-linux-x86_64-debian-gcc

Version: 0.1.2
Check: C++ specification
Result: NOTE Specified C++11: please drop specification unless essential Flavors: r-devel-linux-x86_64-debian-clang, r-devel-linux-x86_64-debian-gcc, r-devel-linux-x86_64-fedora-clang, r-devel-linux-x86_64-fedora-gcc, r-devel-windows-x86_64, r-patched-linux-x86_64, r-release-linux-x86_64, r-release-macos-arm64, r-release-macos-x86_64, r-release-windows-x86_64, r-oldrel-macos-arm64, r-oldrel-macos-x86_64, r-oldrel-windows-x86_64

Version: 0.1.2
Check: installed package size
Result: NOTE installed size is 8.0Mb sub-directories of 1Mb or more: libs 7.7Mb Flavors: r-oldrel-macos-arm64, r-oldrel-macos-x86_64