Last updated on 2025-10-24 11:51:04 CEST.
| Flavor | Version | Tinstall | Tcheck | Ttotal | Status | Flags |
|---|---|---|---|---|---|---|
| r-devel-linux-x86_64-debian-clang | 1.8-4 | 2.36 | 61.91 | 64.27 | NOTE | |
| r-devel-linux-x86_64-debian-gcc | 1.8-4 | 2.22 | 47.84 | 50.06 | NOTE | |
| r-devel-linux-x86_64-fedora-clang | 1.8-4 | 16.00 | 82.88 | 98.88 | NOTE | |
| r-devel-linux-x86_64-fedora-gcc | 1.8-4 | 15.00 | 98.88 | 113.88 | NOTE | |
| r-devel-windows-x86_64 | 1.8-4 | 6.00 | 108.00 | 114.00 | OK | |
| r-patched-linux-x86_64 | 1.8-4 | 3.04 | 59.10 | 62.14 | NOTE | |
| r-release-linux-x86_64 | 1.8-4 | 1.90 | 59.35 | 61.25 | NOTE | |
| r-release-macos-arm64 | 1.8-4 | 2.00 | 80.00 | 82.00 | OK | |
| r-release-macos-x86_64 | 1.8-4 | 3.00 | 131.00 | 134.00 | OK | |
| r-release-windows-x86_64 | 1.8-4 | 7.00 | 116.00 | 123.00 | OK | |
| r-oldrel-macos-arm64 | 1.8-4 | 2.00 | 43.00 | 45.00 | OK | |
| r-oldrel-macos-x86_64 | 1.8-4 | 6.00 | 147.00 | 153.00 | OK | |
| r-oldrel-windows-x86_64 | 1.8-4 | 4.00 | 126.00 | 130.00 | OK |
Version: 1.8-4
Check: for non-standard things in the check directory
Result: NOTE
Found the following files/directories:
‘xtable.html’ ‘xtable.tex’
Flavors: r-devel-linux-x86_64-debian-clang, r-devel-linux-x86_64-debian-gcc, r-devel-linux-x86_64-fedora-clang, r-devel-linux-x86_64-fedora-gcc, r-patched-linux-x86_64, r-release-linux-x86_64