CRAN Package Check Results for Package xmrr

Last updated on 2025-10-21 17:50:08 CEST.

Flavor Version Tinstall Tcheck Ttotal Status Flags
r-devel-linux-x86_64-debian-clang 1.1.1 7.26 55.92 63.18 NOTE
r-devel-linux-x86_64-debian-gcc 1.1.1 4.79 43.38 48.17 NOTE
r-devel-linux-x86_64-fedora-clang 1.1.1 36.00 65.83 101.83 NOTE
r-devel-linux-x86_64-fedora-gcc 1.1.1 14.00 92.96 106.96 NOTE
r-devel-windows-x86_64 1.1.1 8.00 66.00 74.00 OK
r-patched-linux-x86_64 1.1.1 6.02 51.20 57.22 OK
r-release-linux-x86_64 1.1.1 6.33 51.48 57.81 OK
r-release-macos-arm64 1.1.1 3.00 29.00 32.00 OK
r-release-macos-x86_64 1.1.1 5.00 54.00 59.00 OK
r-release-windows-x86_64 1.1.1 9.00 67.00 76.00 OK
r-oldrel-macos-arm64 1.1.1 2.00 28.00 30.00 NOTE
r-oldrel-macos-x86_64 1.1.1 4.00 42.00 46.00 NOTE
r-oldrel-windows-x86_64 1.1.1 10.00 83.00 93.00 NOTE

Check Details

Version: 1.1.1
Check: HTML version of manual
Result: NOTE Found the following HTML validation problems: xmr.html:91:1 (xmr.Rd:39): Warning: missing </ul> before </div> xmr2.html:56:1 (xmr2.Rd:16): Warning: missing </ul> before </div> xmr_chart.html:93:1 (xmr_chart.Rd:39): Warning: missing </ul> before </div> xmr_chart2.html:58:1 (xmr_chart2.Rd:16): Warning: missing </ul> before </div> Flavors: r-devel-linux-x86_64-debian-clang, r-devel-linux-x86_64-debian-gcc

Version: 1.1.1
Check: dependencies in R code
Result: NOTE Namespaces in Imports field not imported from: ‘qpdf’ ‘rlang’ ‘tibble’ All declared Imports should be used. Flavors: r-devel-linux-x86_64-fedora-clang, r-devel-linux-x86_64-fedora-gcc

Version: 1.1.1
Check: LazyData
Result: NOTE 'LazyData' is specified without a 'data' directory Flavors: r-oldrel-macos-arm64, r-oldrel-macos-x86_64, r-oldrel-windows-x86_64