Last updated on 2025-11-20 02:49:30 CET.
| Flavor | Version | Tinstall | Tcheck | Ttotal | Status | Flags |
|---|---|---|---|---|---|---|
| r-devel-linux-x86_64-debian-clang | 1.1.2 | 17.60 | 247.24 | 264.84 | OK | |
| r-devel-linux-x86_64-debian-gcc | 1.1.2 | 11.58 | 161.94 | 173.52 | OK | |
| r-devel-linux-x86_64-fedora-clang | 1.1.2 | 41.00 | 362.91 | 403.91 | OK | |
| r-devel-linux-x86_64-fedora-gcc | 1.1.2 | 92.00 | 332.92 | 424.92 | OK | |
| r-devel-windows-x86_64 | 1.1.2 | 21.00 | 228.00 | 249.00 | NOTE | |
| r-patched-linux-x86_64 | 1.1.2 | 17.11 | 236.77 | 253.88 | OK | |
| r-release-linux-x86_64 | 1.1.2 | 15.98 | 234.27 | 250.25 | OK | |
| r-release-macos-arm64 | 1.1.2 | OK | ||||
| r-release-macos-x86_64 | 1.1.2 | 14.00 | 222.00 | 236.00 | OK | |
| r-release-windows-x86_64 | 1.1.2 | 19.00 | 222.00 | 241.00 | OK | |
| r-oldrel-macos-arm64 | 1.1.2 | OK | ||||
| r-oldrel-macos-x86_64 | 1.1.2 | 10.00 | 226.00 | 236.00 | OK | |
| r-oldrel-windows-x86_64 | 1.1.2 | 26.00 | 295.00 | 321.00 | OK |
Version: 1.1.2
Check: Rd files
Result: NOTE
checkRd: (-1) sad.Rd:9-36: Only 3 columns allowed in this table (row 8 has 1)
Flavor: r-devel-windows-x86_64