Last updated on 2025-10-24 11:51:04 CEST.
| Flavor | Version | Tinstall | Tcheck | Ttotal | Status | Flags |
|---|---|---|---|---|---|---|
| r-devel-linux-x86_64-debian-clang | 0.1.2 | 2.39 | 38.16 | 40.55 | NOTE | |
| r-devel-linux-x86_64-debian-gcc | 0.1.2 | 1.76 | 29.24 | 31.00 | NOTE | |
| r-devel-linux-x86_64-fedora-clang | 0.1.2 | 12.00 | 49.93 | 61.93 | NOTE | |
| r-devel-linux-x86_64-fedora-gcc | 0.1.2 | 73.13 | NOTE | |||
| r-devel-windows-x86_64 | 0.1.2 | 3.00 | 55.00 | 58.00 | OK | |
| r-patched-linux-x86_64 | 0.1.2 | 1.94 | 35.03 | 36.97 | NOTE | |
| r-release-linux-x86_64 | 0.1.2 | 2.24 | 35.26 | 37.50 | NOTE | |
| r-release-macos-arm64 | 0.1.2 | 1.00 | 37.00 | 38.00 | OK | |
| r-release-macos-x86_64 | 0.1.2 | 2.00 | 50.00 | 52.00 | OK | |
| r-release-windows-x86_64 | 0.1.2 | 4.00 | 55.00 | 59.00 | OK | |
| r-oldrel-macos-arm64 | 0.1.2 | 1.00 | 26.00 | 27.00 | NOTE | |
| r-oldrel-macos-x86_64 | 0.1.2 | 2.00 | 39.00 | 41.00 | NOTE | |
| r-oldrel-windows-x86_64 | 0.1.2 | 5.00 | 63.00 | 68.00 | NOTE |
Version: 0.1.2
Check: for non-standard things in the check directory
Result: NOTE
Found the following files/directories:
‘xgb.txt’
Flavors: r-devel-linux-x86_64-debian-clang, r-devel-linux-x86_64-debian-gcc, r-devel-linux-x86_64-fedora-clang, r-devel-linux-x86_64-fedora-gcc, r-patched-linux-x86_64, r-release-linux-x86_64
Version: 0.1.2
Check: LazyData
Result: NOTE
'LazyData' is specified without a 'data' directory
Flavors: r-oldrel-macos-arm64, r-oldrel-macos-x86_64, r-oldrel-windows-x86_64