Last updated on 2025-10-31 20:48:56 CET.
| Flavor | Version | Tinstall | Tcheck | Ttotal | Status | Flags | 
|---|---|---|---|---|---|---|
| r-devel-linux-x86_64-debian-clang | 2.3 | 17.60 | 125.58 | 143.18 | NOTE | |
| r-devel-linux-x86_64-debian-gcc | 2.3 | 10.80 | 87.10 | 97.90 | NOTE | |
| r-devel-linux-x86_64-fedora-clang | 2.3 | 32.00 | 159.27 | 191.27 | NOTE | |
| r-devel-linux-x86_64-fedora-gcc | 2.3 | 66.00 | 150.37 | 216.37 | NOTE | |
| r-devel-windows-x86_64 | 2.3 | 18.00 | 116.00 | 134.00 | OK | |
| r-patched-linux-x86_64 | 2.3 | 14.06 | 118.74 | 132.80 | NOTE | |
| r-release-linux-x86_64 | 2.3 | 15.93 | 116.49 | 132.42 | NOTE | |
| r-release-macos-arm64 | 2.3 | 8.00 | 54.00 | 62.00 | OK | |
| r-release-macos-x86_64 | 2.3 | 12.00 | 86.00 | 98.00 | OK | |
| r-release-windows-x86_64 | 2.3 | 18.00 | 116.00 | 134.00 | OK | |
| r-oldrel-macos-arm64 | 2.3 | 6.00 | 42.00 | 48.00 | OK | |
| r-oldrel-macos-x86_64 | 2.3 | 10.00 | 72.00 | 82.00 | OK | |
| r-oldrel-windows-x86_64 | 2.3 | 22.00 | 9.00 | 31.00 | ERROR | 
Version: 2.3
Check: CRAN incoming feasibility
Result: NOTE
  Maintainer: ‘Emeline Perthame <emeline.perthame@pasteur.fr>’
  
  No Authors@R field in DESCRIPTION.
  Please add one, modifying
    Authors@R: c(person(given = "Emeline",
                        family = "Perthame",
                        role = c("aut", "cre"),
                        email = "emeline.perthame@pasteur.fr",
                        comment = "emeline.perthame@inria.fr"),
                 person(given = "Florence",
                        family = "Forbes",
                        role = "aut",
                        comment = "florence.forbes@inria.fr"),
                 person(given = "Antoine",
                        family = "Deleforge",
                        role = "aut",
                        comment = "antoine.deleforge@inria.fr"),
                 person(given = "Emilie",
                        family = "Devijver",
                        role = "aut",
                        comment = "emilie.devijver@kuleuven.be"),
                 person(given = "Melina",
                        family = "Gallopin",
                        role = "aut",
                        comment = "melina.gallopin@u-psud.fr"))
  as necessary.
  
  The Description field contains
    al (2017) <arXiv:1701.07899>) which is an extension of GLLiM with a
  Please refer to arXiv e-prints via their arXiv DOI <doi:10.48550/arXiv.YYMM.NNNNN>.
Flavors: r-devel-linux-x86_64-debian-clang, r-devel-linux-x86_64-debian-gcc
Version: 2.3
Check: Rd cross-references
Result: NOTE
  Unknown package ‘shock’ in Rd xrefs
Flavors: r-devel-linux-x86_64-debian-clang, r-devel-linux-x86_64-debian-gcc, r-devel-linux-x86_64-fedora-clang, r-devel-linux-x86_64-fedora-gcc, r-patched-linux-x86_64, r-release-linux-x86_64
Version: 2.3
Check: whether package can be installed
Result: ERROR
  Installation failed.
Flavor: r-oldrel-windows-x86_64