CRAN Package Check Results for Package wsrf

Last updated on 2025-07-25 19:49:59 CEST.

Flavor Version Tinstall Tcheck Ttotal Status Flags
r-devel-linux-x86_64-debian-clang 1.7.30 48.74 34.02 82.76 NOTE
r-devel-linux-x86_64-debian-gcc 1.7.30 35.37 26.97 62.34 NOTE
r-devel-linux-x86_64-fedora-clang 1.7.30 147.77 NOTE
r-devel-linux-x86_64-fedora-gcc 1.7.30 156.39 NOTE
r-devel-windows-x86_64 1.7.30 54.00 103.00 157.00 NOTE
r-patched-linux-x86_64 1.7.30 48.75 30.88 79.63 NOTE
r-release-linux-x86_64 1.7.30 46.38 30.64 77.02 NOTE
r-release-macos-arm64 1.7.30 47.00 NOTE
r-release-macos-x86_64 1.7.30 64.00 NOTE
r-release-windows-x86_64 1.7.30 52.00 79.00 131.00 NOTE
r-oldrel-macos-arm64 1.7.30 46.00 NOTE
r-oldrel-macos-x86_64 1.7.30 55.00 NOTE
r-oldrel-windows-x86_64 1.7.30 53.00 92.00 145.00 NOTE

Check Details

Version: 1.7.30
Check: C++ specification
Result: NOTE Specified C++11: please drop specification unless essential Flavors: r-devel-linux-x86_64-debian-clang, r-devel-linux-x86_64-debian-gcc, r-devel-linux-x86_64-fedora-clang, r-devel-linux-x86_64-fedora-gcc, r-devel-windows-x86_64, r-patched-linux-x86_64, r-release-linux-x86_64, r-release-macos-arm64, r-release-macos-x86_64, r-release-windows-x86_64, r-oldrel-macos-arm64, r-oldrel-macos-x86_64, r-oldrel-windows-x86_64