Last updated on 2025-10-31 20:48:56 CET.
| Flavor | Version | Tinstall | Tcheck | Ttotal | Status | Flags | 
|---|---|---|---|---|---|---|
| r-devel-linux-x86_64-debian-clang | 3.0.3 | 47.00 | 73.76 | 120.76 | OK | |
| r-devel-linux-x86_64-debian-gcc | 3.0.3 | 29.57 | 52.69 | 82.26 | OK | |
| r-devel-linux-x86_64-fedora-clang | 3.0.3 | 106.00 | 94.40 | 200.40 | NOTE | |
| r-devel-linux-x86_64-fedora-gcc | 3.0.3 | 192.00 | -7.36 | 184.64 | NOTE | |
| r-devel-windows-x86_64 | 3.0.3 | 53.00 | 103.00 | 156.00 | OK | |
| r-patched-linux-x86_64 | 3.0.3 | 43.88 | 67.48 | 111.36 | OK | |
| r-release-linux-x86_64 | 3.0.3 | 45.87 | 66.86 | 112.73 | OK | |
| r-release-macos-arm64 | 3.0.3 | 24.00 | 44.00 | 68.00 | OK | |
| r-release-macos-x86_64 | 3.0.3 | 47.00 | 80.00 | 127.00 | OK | |
| r-release-windows-x86_64 | 3.0.3 | 57.00 | 105.00 | 162.00 | OK | |
| r-oldrel-macos-arm64 | 3.0.3 | 25.00 | 41.00 | 66.00 | NOTE | |
| r-oldrel-macos-x86_64 | 3.0.3 | 31.00 | 58.00 | 89.00 | NOTE | |
| r-oldrel-windows-x86_64 | 3.0.3 | 69.00 | 134.00 | 203.00 | NOTE | 
Version: 3.0.3
Check: dependencies in R code
Result: NOTE
  Namespaces in Imports field not imported from:
    ‘future’ ‘tidyr’
    All declared Imports should be used.
Flavors: r-devel-linux-x86_64-fedora-clang, r-devel-linux-x86_64-fedora-gcc
Version: 3.0.3
Check: installed package size
Result: NOTE
    installed size is  7.1Mb
    sub-directories of 1Mb or more:
      data   3.7Mb
      help   1.9Mb
      libs   1.3Mb
Flavors: r-oldrel-macos-arm64, r-oldrel-macos-x86_64, r-oldrel-windows-x86_64