Last updated on 2025-11-21 21:49:58 CET.
| Flavor | Version | Tinstall | Tcheck | Ttotal | Status | Flags |
|---|---|---|---|---|---|---|
| r-devel-linux-x86_64-debian-clang | 1.1-3 | 1.86 | 43.10 | 44.96 | OK | |
| r-devel-linux-x86_64-debian-gcc | 1.1-3 | 1.44 | 34.15 | 35.59 | OK | |
| r-devel-linux-x86_64-fedora-clang | 1.1-3 | 61.59 | OK | |||
| r-devel-linux-x86_64-fedora-gcc | 1.1-3 | 59.50 | OK | |||
| r-devel-windows-x86_64 | 1.1-3 | 6.00 | 66.00 | 72.00 | OK | |
| r-patched-linux-x86_64 | 1.1-3 | 1.83 | 42.15 | 43.98 | OK | |
| r-release-linux-x86_64 | 1.1-3 | 1.80 | 41.21 | 43.01 | OK | |
| r-release-macos-arm64 | 1.1-3 | OK | ||||
| r-release-macos-x86_64 | 1.1-3 | 2.00 | 43.00 | 45.00 | OK | |
| r-release-windows-x86_64 | 1.1-3 | 6.00 | 66.00 | 72.00 | OK | |
| r-oldrel-macos-arm64 | 1.1-3 | NOTE | ||||
| r-oldrel-macos-x86_64 | 1.1-3 | 2.00 | 40.00 | 42.00 | NOTE | |
| r-oldrel-windows-x86_64 | 1.1-3 | 6.00 | 77.00 | 83.00 | NOTE |
Version: 1.1-3
Check: installed package size
Result: NOTE
installed size is 11.3Mb
sub-directories of 1Mb or more:
data 11.2Mb
Flavors: r-oldrel-macos-arm64, r-oldrel-macos-x86_64, r-oldrel-windows-x86_64