Last updated on 2025-10-31 07:52:04 CET.
| Flavor | Version | Tinstall | Tcheck | Ttotal | Status | Flags | 
|---|---|---|---|---|---|---|
| r-devel-linux-x86_64-debian-clang | 1.8.5 | 10.49 | 65.25 | 75.74 | NOTE | |
| r-devel-linux-x86_64-debian-gcc | 1.8.5 | 6.46 | 45.75 | 52.21 | NOTE | |
| r-devel-linux-x86_64-fedora-clang | 1.8.5 | 20.00 | 90.30 | 110.30 | OK | |
| r-devel-linux-x86_64-fedora-gcc | 1.8.5 | 20.00 | 89.08 | 109.08 | OK | |
| r-devel-windows-x86_64 | 1.8.5 | 16.00 | 89.00 | 105.00 | OK | |
| r-patched-linux-x86_64 | 1.8.5 | 11.54 | 60.87 | 72.41 | OK | |
| r-release-linux-x86_64 | 1.8.5 | 9.93 | 61.33 | 71.26 | OK | |
| r-release-macos-arm64 | 1.8.5 | 7.00 | 40.00 | 47.00 | OK | |
| r-release-macos-x86_64 | 1.8.5 | 10.00 | 56.00 | 66.00 | OK | |
| r-release-windows-x86_64 | 1.8.5 | 19.00 | 92.00 | 111.00 | OK | |
| r-oldrel-macos-arm64 | 1.8.5 | 5.00 | 29.00 | 34.00 | OK | |
| r-oldrel-macos-x86_64 | 1.8.5 | 13.00 | 58.00 | 71.00 | OK | |
| r-oldrel-windows-x86_64 | 1.8.5 | 20.00 | 101.00 | 121.00 | OK | 
Version: 1.8.5
Check: CRAN incoming feasibility
Result: NOTE
  Maintainer: ‘Brandon Whitcher <bwhitcher@gmail.com>’
  
  No Authors@R field in DESCRIPTION.
  Please add one, modifying
    Authors@R: person(given = "Brandon",
                      family = "Whitcher",
                      role = c("aut", "cre"),
                      email = "bwhitcher@gmail.com")
  as necessary.
Flavors: r-devel-linux-x86_64-debian-clang, r-devel-linux-x86_64-debian-gcc