Last updated on 2025-10-31 07:52:04 CET.
| Flavor | Version | Tinstall | Tcheck | Ttotal | Status | Flags | 
|---|---|---|---|---|---|---|
| r-devel-linux-x86_64-debian-clang | 1.0.5 | 15.07 | 33.42 | 48.49 | NOTE | |
| r-devel-linux-x86_64-debian-gcc | 1.0.5 | 10.32 | 26.02 | 36.34 | NOTE | |
| r-devel-linux-x86_64-fedora-clang | 1.0.5 | 32.00 | 44.76 | 76.76 | NOTE | |
| r-devel-linux-x86_64-fedora-gcc | 1.0.5 | 70.00 | 8.95 | 78.95 | NOTE | |
| r-devel-windows-x86_64 | 1.0.5 | 16.00 | 50.00 | 66.00 | OK | |
| r-patched-linux-x86_64 | 1.0.5 | 14.10 | 31.32 | 45.42 | OK | |
| r-release-linux-x86_64 | 1.0.5 | 14.16 | 31.59 | 45.75 | OK | |
| r-release-macos-arm64 | 1.0.5 | 6.00 | 18.00 | 24.00 | OK | |
| r-release-macos-x86_64 | 1.0.5 | 12.00 | 32.00 | 44.00 | OK | |
| r-release-windows-x86_64 | 1.0.5 | 16.00 | 58.00 | 74.00 | OK | |
| r-oldrel-macos-arm64 | 1.0.5 | 6.00 | 17.00 | 23.00 | OK | |
| r-oldrel-macos-x86_64 | 1.0.5 | 10.00 | 26.00 | 36.00 | OK | |
| r-oldrel-windows-x86_64 | 1.0.5 | 20.00 | 58.00 | 78.00 | OK | 
Version: 1.0.5
Check: CRAN incoming feasibility
Result: NOTE
  Maintainer: ‘Jonathon Love <jon@thon.cc>’
  
  No Authors@R field in DESCRIPTION.
  Please add one, modifying
    Authors@R: c(person(given = "Jonathon",
                        family = "Love",
                        role = c("aut", "cre"),
                        email = "jon@thon.cc"),
                 person(given = "Patrick",
                        family = "Mair",
                        role = "aut"))
  as necessary.
Flavors: r-devel-linux-x86_64-debian-clang, r-devel-linux-x86_64-debian-gcc
Version: 1.0.5
Check: Rd files
Result: NOTE
  checkRd: (-1) walrus-package.Rd:18-24: Only 6 columns allowed in this table (row 1 has 5)
  checkRd: (-1) walrus-package.Rd:18-24: Only 6 columns allowed in this table (row 2 has 5)
  checkRd: (-1) walrus-package.Rd:18-24: Only 6 columns allowed in this table (row 3 has 5)
  checkRd: (-1) walrus-package.Rd:18-24: Only 6 columns allowed in this table (row 4 has 5)
  checkRd: (-1) walrus-package.Rd:18-24: Only 6 columns allowed in this table (row 5 has 5)
Flavors: r-devel-linux-x86_64-debian-clang, r-devel-linux-x86_64-debian-gcc, r-devel-linux-x86_64-fedora-clang, r-devel-linux-x86_64-fedora-gcc
Version: 1.0.5
Check: dependencies in R code
Result: NOTE
  Namespaces in Imports field not imported from:
    ‘R6’ ‘WRS2’ ‘ggplot2’
    All declared Imports should be used.
Flavors: r-devel-linux-x86_64-fedora-clang, r-devel-linux-x86_64-fedora-gcc