Last updated on 2025-11-04 13:50:29 CET.
| Flavor | Version | Tinstall | Tcheck | Ttotal | Status | Flags | 
|---|---|---|---|---|---|---|
| r-devel-linux-x86_64-debian-clang | 0.0.1 | 2.84 | 36.74 | 39.58 | OK | |
| r-devel-linux-x86_64-debian-gcc | 0.0.1 | 2.13 | 28.69 | 30.82 | OK | |
| r-devel-linux-x86_64-fedora-clang | 0.0.1 | 57.10 | NOTE | |||
| r-devel-linux-x86_64-fedora-gcc | 0.0.1 | 52.83 | NOTE | |||
| r-devel-windows-x86_64 | 0.0.1 | 5.00 | 51.00 | 56.00 | OK | |
| r-patched-linux-x86_64 | 0.0.1 | 2.89 | 32.87 | 35.76 | OK | |
| r-release-linux-x86_64 | 0.0.1 | 2.61 | 32.60 | 35.21 | OK | |
| r-release-macos-arm64 | 0.0.1 | 1.00 | 20.00 | 21.00 | OK | |
| r-release-macos-x86_64 | 0.0.1 | 2.00 | 32.00 | 34.00 | OK | |
| r-release-windows-x86_64 | 0.0.1 | 5.00 | 50.00 | 55.00 | OK | |
| r-oldrel-macos-arm64 | 0.0.1 | 1.00 | 20.00 | 21.00 | NOTE | |
| r-oldrel-macos-x86_64 | 0.0.1 | 2.00 | 29.00 | 31.00 | NOTE | |
| r-oldrel-windows-x86_64 | 0.0.1 | 6.00 | 61.00 | 67.00 | NOTE | 
Version: 0.0.1
Check: dependencies in R code
Result: NOTE
  Namespaces in Imports field not imported from:
    ‘Matrix’ ‘R6’
    All declared Imports should be used.
Flavors: r-devel-linux-x86_64-fedora-clang, r-devel-linux-x86_64-fedora-gcc
Version: 0.0.1
Check: LazyData
Result: NOTE
    'LazyData' is specified without a 'data' directory
Flavors: r-oldrel-macos-arm64, r-oldrel-macos-x86_64, r-oldrel-windows-x86_64