CRAN Package Check Results for Package vital

Last updated on 2025-07-19 08:48:56 CEST.

Flavor Version Tinstall Tcheck Ttotal Status Flags
r-devel-linux-x86_64-debian-clang 1.1.0 14.50 281.64 296.14 OK
r-devel-linux-x86_64-debian-gcc 1.1.0 10.17 183.88 194.05 OK
r-devel-linux-x86_64-fedora-clang 1.1.0 367.72 OK
r-devel-linux-x86_64-fedora-gcc 1.1.0 447.44 OK
r-devel-windows-x86_64 1.1.0 17.00 254.00 271.00 OK
r-patched-linux-x86_64 1.1.0 15.80 265.72 281.52 OK
r-release-linux-x86_64 1.1.0 14.95 263.62 278.57 OK
r-release-macos-arm64 1.1.0 115.00 OK
r-release-macos-x86_64 1.1.0 247.00 OK
r-release-windows-x86_64 1.1.0 16.00 248.00 264.00 OK
r-oldrel-macos-arm64 1.1.0 128.00 NOTE
r-oldrel-macos-x86_64 1.1.0 344.00 NOTE
r-oldrel-windows-x86_64 1.1.0 24.00 349.00 373.00 NOTE

Check Details

Version: 1.1.0
Check: installed package size
Result: NOTE installed size is 6.0Mb sub-directories of 1Mb or more: data 4.4Mb help 1.3Mb Flavors: r-oldrel-macos-arm64, r-oldrel-macos-x86_64, r-oldrel-windows-x86_64