Last updated on 2025-11-20 14:51:31 CET.
| Flavor | Version | Tinstall | Tcheck | Ttotal | Status | Flags |
|---|---|---|---|---|---|---|
| r-devel-linux-x86_64-debian-clang | 4.0.1 | 2.61 | 30.58 | 33.19 | OK | |
| r-devel-linux-x86_64-debian-gcc | 4.0.1 | 1.89 | 24.51 | 26.40 | OK | |
| r-devel-linux-x86_64-fedora-clang | 4.0.1 | 48.47 | OK | |||
| r-devel-linux-x86_64-fedora-gcc | 4.0.1 | 44.40 | OK | |||
| r-devel-windows-x86_64 | 4.0.1 | 10.00 | 51.00 | 61.00 | OK | |
| r-patched-linux-x86_64 | 4.0.1 | 3.01 | 27.58 | 30.59 | OK | |
| r-release-linux-x86_64 | 4.0.1 | 2.62 | 27.47 | 30.09 | OK | |
| r-release-macos-arm64 | 4.0.1 | OK | ||||
| r-release-macos-x86_64 | 4.0.1 | 2.00 | 36.00 | 38.00 | OK | |
| r-release-windows-x86_64 | 4.0.1 | 7.00 | 50.00 | 57.00 | OK | |
| r-oldrel-macos-arm64 | 4.0.1 | NOTE | ||||
| r-oldrel-macos-x86_64 | 4.0.1 | 2.00 | 197.00 | 199.00 | NOTE | |
| r-oldrel-windows-x86_64 | 4.0.1 | 7.00 | 57.00 | 64.00 | NOTE |
Version: 4.0.1
Check: installed package size
Result: NOTE
installed size is 6.6Mb
sub-directories of 1Mb or more:
help 1.3Mb
htmlwidgets 5.3Mb
Flavors: r-oldrel-macos-arm64, r-oldrel-macos-x86_64, r-oldrel-windows-x86_64