Last updated on 2025-10-24 18:50:12 CEST.
| Flavor | Version | Tinstall | Tcheck | Ttotal | Status | Flags | 
|---|---|---|---|---|---|---|
| r-devel-linux-x86_64-debian-clang | 0.7-8 | 2.47 | 38.45 | 40.92 | NOTE | |
| r-devel-linux-x86_64-debian-gcc | 0.7-8 | 2.27 | 32.28 | 34.55 | NOTE | |
| r-devel-linux-x86_64-fedora-clang | 0.7-8 | 12.00 | 47.85 | 59.85 | NOTE | |
| r-devel-linux-x86_64-fedora-gcc | 0.7-8 | 55.19 | NOTE | |||
| r-devel-windows-x86_64 | 0.7-8 | 4.00 | 56.00 | 60.00 | NOTE | |
| r-patched-linux-x86_64 | 0.7-8 | 3.17 | 36.12 | 39.29 | NOTE | |
| r-release-linux-x86_64 | 0.7-8 | 2.48 | 36.83 | 39.31 | NOTE | |
| r-release-macos-arm64 | 0.7-8 | 1.00 | 23.00 | 24.00 | NOTE | |
| r-release-macos-x86_64 | 0.7-8 | 2.00 | 38.00 | 40.00 | NOTE | |
| r-release-windows-x86_64 | 0.7-8 | 4.00 | 58.00 | 62.00 | NOTE | |
| r-oldrel-macos-arm64 | 0.7-8 | 1.00 | 24.00 | 25.00 | NOTE | |
| r-oldrel-macos-x86_64 | 0.7-8 | 6.00 | 32.00 | 38.00 | NOTE | |
| r-oldrel-windows-x86_64 | 0.7-8 | 4.00 | 61.00 | 65.00 | NOTE | 
Version: 0.7-8
Check: CRAN incoming feasibility
Result: NOTE
  Maintainer: ‘Ramon Diaz-Uriarte <rdiaz02@gmail.com>’
  
  No Authors@R field in DESCRIPTION.
  Please add one, modifying
    Authors@R: person(given = "Ramon",
                      family = "Diaz-Uriarte",
                      role = c("aut", "cre"),
                      email = "rdiaz02@gmail.com")
  as necessary.
  
  Package CITATION file contains call(s) to old-style citEntry().  Please
  use bibentry() instead.
Flavors: r-devel-linux-x86_64-debian-clang, r-devel-linux-x86_64-debian-gcc
Version: 0.7-8
Check: Rd files
Result: NOTE
  checkRd: (-1) randomVarImpsRFplot.Rd:97: Escaped LaTeX specials: \&
  checkRd: (-1) varSelImpSpecRF.Rd:83: Escaped LaTeX specials: \&
Flavors: r-devel-linux-x86_64-debian-clang, r-devel-linux-x86_64-debian-gcc, r-devel-linux-x86_64-fedora-clang, r-devel-linux-x86_64-fedora-gcc, r-devel-windows-x86_64, r-patched-linux-x86_64, r-release-linux-x86_64, r-release-macos-arm64, r-release-macos-x86_64, r-release-windows-x86_64, r-oldrel-macos-arm64, r-oldrel-macos-x86_64, r-oldrel-windows-x86_64