Last updated on 2025-10-24 05:51:02 CEST.
| Flavor | Version | Tinstall | Tcheck | Ttotal | Status | Flags |
|---|---|---|---|---|---|---|
| r-devel-linux-x86_64-debian-clang | 0.1.0 | 2.59 | 38.08 | 40.67 | OK | |
| r-devel-linux-x86_64-debian-gcc | 0.1.0 | 2.06 | 29.52 | 31.58 | OK | |
| r-devel-linux-x86_64-fedora-clang | 0.1.0 | 62.84 | NOTE | |||
| r-devel-linux-x86_64-fedora-gcc | 0.1.0 | 72.19 | NOTE | |||
| r-devel-windows-x86_64 | 0.1.0 | 5.00 | 57.00 | 62.00 | OK | |
| r-patched-linux-x86_64 | 0.1.0 | 3.04 | 35.05 | 38.09 | OK | |
| r-release-linux-x86_64 | 0.1.0 | 2.35 | 34.65 | 37.00 | OK | |
| r-release-macos-arm64 | 0.1.0 | 1.00 | 30.00 | 31.00 | OK | |
| r-release-macos-x86_64 | 0.1.0 | 2.00 | 59.00 | 61.00 | OK | |
| r-release-windows-x86_64 | 0.1.0 | 6.00 | 60.00 | 66.00 | OK | |
| r-oldrel-macos-arm64 | 0.1.0 | 1.00 | 27.00 | 28.00 | OK | |
| r-oldrel-macos-x86_64 | 0.1.0 | 2.00 | 38.00 | 40.00 | OK | |
| r-oldrel-windows-x86_64 | 0.1.0 | 5.00 | 70.00 | 75.00 | OK |
Version: 0.1.0
Check: dependencies in R code
Result: NOTE
Namespaces in Imports field not imported from:
‘BBmisc’ ‘badger’
All declared Imports should be used.
Flavors: r-devel-linux-x86_64-fedora-clang, r-devel-linux-x86_64-fedora-gcc