Last updated on 2025-07-19 14:48:41 CEST.
Flavor | Version | Tinstall | Tcheck | Ttotal | Status | Flags |
---|---|---|---|---|---|---|
r-devel-linux-x86_64-debian-clang | 2.1-7 | 35.42 | 236.39 | 271.81 | NOTE | |
r-devel-linux-x86_64-debian-gcc | 2.1-7 | 21.17 | 146.64 | 167.81 | NOTE | |
r-devel-linux-x86_64-fedora-clang | 2.1-7 | 450.20 | OK | |||
r-devel-linux-x86_64-fedora-gcc | 2.1-7 | 424.65 | OK | |||
r-devel-windows-x86_64 | 2.1-7 | 30.00 | 182.00 | 212.00 | OK | |
r-patched-linux-x86_64 | 2.1-7 | 31.83 | 222.93 | 254.76 | OK | |
r-release-linux-x86_64 | 2.1-7 | 33.98 | 226.55 | 260.53 | OK | |
r-release-macos-arm64 | 2.1-7 | 92.00 | OK | |||
r-release-macos-x86_64 | 2.1-7 | 228.00 | OK | |||
r-release-windows-x86_64 | 2.1-7 | 30.00 | 181.00 | 211.00 | OK | |
r-oldrel-macos-arm64 | 2.1-7 | 86.00 | OK | |||
r-oldrel-macos-x86_64 | 2.1-7 | 176.00 | OK | |||
r-oldrel-windows-x86_64 | 2.1-7 | 43.00 | 252.00 | 295.00 | OK |
Version: 2.1-7
Check: CRAN incoming feasibility
Result: NOTE
Maintainer: ‘Babak Naimi <naimi.b@gmail.com>’
No Authors@R field in DESCRIPTION.
Please add one, modifying
Authors@R: person(given = "Babak",
family = "Naimi",
role = c("aut", "cre"),
email = "naimi.b@gmail.com")
as necessary.
Flavors: r-devel-linux-x86_64-debian-clang, r-devel-linux-x86_64-debian-gcc