Last updated on 2025-07-03 00:51:06 CEST.
Flavor | Version | Tinstall | Tcheck | Ttotal | Status | Flags |
---|---|---|---|---|---|---|
r-devel-linux-x86_64-debian-clang | 0.1.1 | 9.48 | 67.68 | 77.16 | NOTE | |
r-devel-linux-x86_64-debian-gcc | 0.1.1 | 5.13 | 49.50 | 54.63 | NOTE | |
r-devel-linux-x86_64-fedora-clang | 0.1.1 | 122.00 | OK | |||
r-devel-linux-x86_64-fedora-gcc | 0.1.1 | 118.67 | OK | |||
r-devel-windows-x86_64 | 0.1.1 | 10.00 | 77.00 | 87.00 | OK | |
r-patched-linux-x86_64 | 0.1.1 | 8.52 | 64.49 | 73.01 | OK | |
r-release-linux-x86_64 | 0.1.1 | 8.16 | 64.03 | 72.19 | OK | |
r-release-macos-arm64 | 0.1.1 | 35.00 | OK | |||
r-release-macos-x86_64 | 0.1.1 | 48.00 | OK | |||
r-release-windows-x86_64 | 0.1.1 | 10.00 | 79.00 | 89.00 | OK | |
r-oldrel-macos-arm64 | 0.1.1 | 33.00 | NOTE | |||
r-oldrel-macos-x86_64 | 0.1.1 | 53.00 | NOTE | |||
r-oldrel-windows-x86_64 | 0.1.1 | 13.00 | 95.00 | 108.00 | NOTE |
Version: 0.1.1
Check: CRAN incoming feasibility
Result: NOTE
Maintainer: ‘Minna Genbaeck <minna.genback@umu.se>’
No Authors@R field in DESCRIPTION.
Please add one, modifying
Authors@R: c(person(given = "Minna",
family = "Genbaeck,",
role = c("aut", "cre")),
person(given = "Minna",
family = "Genbaeck",
role = "cre",
email = "minna.genback@umu.se"))
as necessary.
Flavors: r-devel-linux-x86_64-debian-clang, r-devel-linux-x86_64-debian-gcc
Version: 0.1.1
Check: LazyData
Result: NOTE
'LazyData' is specified without a 'data' directory
Flavors: r-oldrel-macos-arm64, r-oldrel-macos-x86_64, r-oldrel-windows-x86_64