Last updated on 2025-10-24 11:51:03 CEST.
| Flavor | Version | Tinstall | Tcheck | Ttotal | Status | Flags |
|---|---|---|---|---|---|---|
| r-devel-linux-x86_64-debian-clang | 0.1.0 | 6.56 | 47.18 | 53.74 | ERROR | |
| r-devel-linux-x86_64-debian-gcc | 0.1.0 | 4.55 | 33.95 | 38.50 | OK | |
| r-devel-linux-x86_64-fedora-clang | 0.1.0 | 36.00 | 48.89 | 84.89 | OK | |
| r-devel-linux-x86_64-fedora-gcc | 0.1.0 | 18.00 | 59.32 | 77.32 | OK | |
| r-devel-windows-x86_64 | 0.1.0 | 9.00 | 62.00 | 71.00 | OK | |
| r-patched-linux-x86_64 | 0.1.0 | 5.58 | 42.90 | 48.48 | OK | |
| r-release-linux-x86_64 | 0.1.0 | 5.41 | 42.86 | 48.27 | OK | |
| r-release-macos-arm64 | 0.1.0 | 3.00 | 22.00 | 25.00 | OK | |
| r-release-macos-x86_64 | 0.1.0 | 6.00 | 54.00 | 60.00 | OK | |
| r-release-windows-x86_64 | 0.1.0 | 9.00 | 65.00 | 74.00 | OK | |
| r-oldrel-macos-arm64 | 0.1.0 | 3.00 | 25.00 | 28.00 | OK | |
| r-oldrel-macos-x86_64 | 0.1.0 | 6.00 | 50.00 | 56.00 | OK | |
| r-oldrel-windows-x86_64 | 0.1.0 | 11.00 | 76.00 | 87.00 | OK |
Version: 0.1.0
Check: examples
Result: ERROR
Running examples in ‘ucsfindustrydocs-Ex.R’ failed
The error most likely occurred in:
> base::assign(".ptime", proc.time(), pos = "CheckExEnv")
> ### Name: IndustryDocsSearch
> ### Title: UCSF Industry Documents Library Solr API
> ### Aliases: IndustryDocsSearch
>
> ### ** Examples
>
>
> ## ------------------------------------------------
> ## Method `IndustryDocsSearch$save`
> ## ------------------------------------------------
>
> ids = IndustryDocsSearch$new()
> ids$query(
+ industry='tobacco',
+ case='State of North Carolina',
+ collection='JUUL labs Collection',
+ n=100)
No encoding supplied: defaulting to UTF-8.
Error: lexical error: invalid char in json text.
<html> <head><title>504 Gatewa
(right here) ------^
Execution halted
Flavor: r-devel-linux-x86_64-debian-clang