Last updated on 2025-07-13 16:49:32 CEST.
Flavor | Version | Tinstall | Tcheck | Ttotal | Status | Flags |
---|---|---|---|---|---|---|
r-devel-linux-x86_64-debian-clang | 0.3.8 | 12.28 | 191.42 | 203.70 | NOTE | |
r-devel-linux-x86_64-debian-gcc | 0.3.8 | 8.40 | 120.33 | 128.73 | NOTE | |
r-devel-linux-x86_64-fedora-clang | 0.3.8 | 326.86 | NOTE | |||
r-devel-linux-x86_64-fedora-gcc | 0.3.8 | 308.92 | NOTE | |||
r-devel-windows-x86_64 | 0.3.8 | 13.00 | 176.00 | 189.00 | NOTE | |
r-patched-linux-x86_64 | 0.3.8 | 11.12 | 179.04 | 190.16 | NOTE | |
r-release-linux-x86_64 | 0.3.8 | 11.29 | 175.32 | 186.61 | NOTE | |
r-release-macos-arm64 | 0.3.8 | 76.00 | NOTE | |||
r-release-macos-x86_64 | 0.3.8 | 173.00 | NOTE | |||
r-release-windows-x86_64 | 0.3.8 | 14.00 | 179.00 | 193.00 | NOTE | |
r-oldrel-macos-arm64 | 0.3.8 | 72.00 | NOTE | |||
r-oldrel-macos-x86_64 | 0.3.8 | 124.00 | NOTE | |||
r-oldrel-windows-x86_64 | 0.3.8 | 17.00 | 244.00 | 261.00 | NOTE |
Version: 0.3.8
Check: Rd files
Result: NOTE
checkRd: (-1) est_g_exp.Rd:55: Lost braces; missing escapes or markup?
55 | {A - delta}, {A + delta}, and {A + 2 * delta}).
| ^
checkRd: (-1) est_g_exp.Rd:55: Lost braces; missing escapes or markup?
55 | {A - delta}, {A + delta}, and {A + 2 * delta}).
| ^
checkRd: (-1) est_g_exp.Rd:55: Lost braces; missing escapes or markup?
55 | {A - delta}, {A + delta}, and {A + 2 * delta}).
| ^
Flavors: r-devel-linux-x86_64-debian-clang, r-devel-linux-x86_64-debian-gcc, r-devel-linux-x86_64-fedora-clang, r-devel-linux-x86_64-fedora-gcc, r-devel-windows-x86_64, r-patched-linux-x86_64, r-release-linux-x86_64, r-release-macos-arm64, r-release-macos-x86_64, r-release-windows-x86_64, r-oldrel-macos-arm64, r-oldrel-macos-x86_64, r-oldrel-windows-x86_64
Version: 0.3.8
Check: package dependencies
Result: NOTE
Package which this enhances but not available for checking: ‘sl3’
Flavors: r-oldrel-macos-arm64, r-oldrel-macos-x86_64, r-oldrel-windows-x86_64