CRAN Package Check Results for Package ttbary

Last updated on 2025-07-19 08:48:56 CEST.

Flavor Version Tinstall Tcheck Ttotal Status Flags
r-devel-linux-x86_64-debian-clang 0.3-1 51.50 83.13 134.63 NOTE
r-devel-linux-x86_64-debian-gcc 0.3-1 39.76 63.05 102.81 NOTE
r-devel-linux-x86_64-fedora-clang 0.3-1 245.65 OK
r-devel-linux-x86_64-fedora-gcc 0.3-1 233.31 OK
r-devel-windows-x86_64 0.3-1 66.00 116.00 182.00 NOTE
r-patched-linux-x86_64 0.3-1 52.81 78.97 131.78 NOTE
r-release-linux-x86_64 0.3-1 55.39 80.74 136.13 NOTE
r-release-macos-arm64 0.3-1 69.00 OK
r-release-macos-x86_64 0.3-1 117.00 OK
r-release-windows-x86_64 0.3-1 64.00 111.00 175.00 NOTE
r-oldrel-macos-arm64 0.3-1 79.00 OK
r-oldrel-macos-x86_64 0.3-1 85.00 OK
r-oldrel-windows-x86_64 0.3-1 81.00 141.00 222.00 OK

Check Details

Version: 0.3-1
Check: Rd cross-references
Result: NOTE Found the following Rd file(s) with Rd \link{} targets missing package anchors: plotmatch.Rd: ppp sumppdist.Rd: ppp, solist Please provide package anchors for all Rd \link{} targets not in the package itself and the base packages. Flavors: r-devel-linux-x86_64-debian-clang, r-devel-linux-x86_64-debian-gcc, r-devel-windows-x86_64, r-patched-linux-x86_64, r-release-linux-x86_64, r-release-windows-x86_64