Last updated on 2025-10-31 01:49:18 CET.
| Flavor | Version | Tinstall | Tcheck | Ttotal | Status | Flags | 
|---|---|---|---|---|---|---|
| r-devel-linux-x86_64-debian-clang | 0.6-10 | 9.32 | 89.12 | 98.44 | NOTE | |
| r-devel-linux-x86_64-debian-gcc | 0.6-10 | 6.69 | 66.33 | 73.02 | NOTE | |
| r-devel-linux-x86_64-fedora-clang | 0.6-10 | 20.00 | 132.84 | 152.84 | NOTE | |
| r-devel-linux-x86_64-fedora-gcc | 0.6-10 | 48.00 | 125.24 | 173.24 | NOTE | |
| r-devel-windows-x86_64 | 0.6-10 | 10.00 | 100.00 | 110.00 | OK | |
| r-patched-linux-x86_64 | 0.6-10 | 9.01 | 85.11 | 94.12 | OK | |
| r-release-linux-x86_64 | 0.6-10 | 8.29 | 84.21 | 92.50 | OK | |
| r-release-macos-arm64 | 0.6-10 | 5.00 | 52.00 | 57.00 | OK | |
| r-release-macos-x86_64 | 0.6-10 | 7.00 | 82.00 | 89.00 | OK | |
| r-release-windows-x86_64 | 0.6-10 | 14.00 | 109.00 | 123.00 | OK | |
| r-oldrel-macos-arm64 | 0.6-10 | 4.00 | 38.00 | 42.00 | OK | |
| r-oldrel-macos-x86_64 | 0.6-10 | 6.00 | 67.00 | 73.00 | OK | |
| r-oldrel-windows-x86_64 | 0.6-10 | 16.00 | 137.00 | 153.00 | OK | 
Version: 0.6-10
Check: CRAN incoming feasibility
Result: NOTE
  Maintainer: ‘Javier López-de-Lacalle <javlacalle@yahoo.es>’
  
  No Authors@R field in DESCRIPTION.
  Please add one, modifying
    Authors@R: person(given = "Javier",
                      family = "López-de-Lacalle",
                      role = c("aut", "cre"),
                      email = "javlacalle@yahoo.es")
  as necessary.
Flavors: r-devel-linux-x86_64-debian-clang, r-devel-linux-x86_64-debian-gcc
Version: 0.6-10
Check: Rd files
Result: NOTE
  checkRd: (-1) ipi.Rd:19-30: Only 4 columns allowed in this table (row 10 has 3)
Flavors: r-devel-linux-x86_64-debian-clang, r-devel-linux-x86_64-debian-gcc, r-devel-linux-x86_64-fedora-clang, r-devel-linux-x86_64-fedora-gcc