Last updated on 2025-10-31 01:49:17 CET.
| Flavor | Version | Tinstall | Tcheck | Ttotal | Status | Flags | 
|---|---|---|---|---|---|---|
| r-devel-linux-x86_64-debian-clang | 1.0.5 | 14.18 | 78.75 | 92.93 | NOTE | |
| r-devel-linux-x86_64-debian-gcc | 1.0.5 | 10.65 | 56.59 | 67.24 | NOTE | |
| r-devel-linux-x86_64-fedora-clang | 1.0.5 | 44.00 | 103.75 | 147.75 | OK | |
| r-devel-linux-x86_64-fedora-gcc | 1.0.5 | 26.00 | 132.69 | 158.69 | OK | |
| r-devel-windows-x86_64 | 1.0.5 | 20.00 | 97.00 | 117.00 | OK | |
| r-patched-linux-x86_64 | 1.0.5 | 14.94 | 73.18 | 88.12 | OK | |
| r-release-linux-x86_64 | 1.0.5 | 15.02 | 73.71 | 88.73 | OK | |
| r-release-macos-arm64 | 1.0.5 | 7.00 | 37.00 | 44.00 | OK | |
| r-release-macos-x86_64 | 1.0.5 | 11.00 | 68.00 | 79.00 | OK | |
| r-release-windows-x86_64 | 1.0.5 | 22.00 | 101.00 | 123.00 | OK | |
| r-oldrel-macos-arm64 | 1.0.5 | 7.00 | 35.00 | 42.00 | OK | |
| r-oldrel-macos-x86_64 | 1.0.5 | 10.00 | 57.00 | 67.00 | OK | |
| r-oldrel-windows-x86_64 | 1.0.5 | 23.00 | 123.00 | 146.00 | OK | 
Version: 1.0.5
Check: CRAN incoming feasibility
Result: NOTE
  Maintainer: ‘Francisco Martinez <fmartin@ujaen.es>’
  
  The BugReports field in DESCRIPTION has
    https://github.com/franciscomartinezdelrio/tsfgrnn
  which should likely be
    https://github.com/franciscomartinezdelrio/tsfgrnn/issues
  instead.
Flavors: r-devel-linux-x86_64-debian-clang, r-devel-linux-x86_64-debian-gcc