Last updated on 2025-11-21 02:50:37 CET.
| Flavor | Version | Tinstall | Tcheck | Ttotal | Status | Flags |
|---|---|---|---|---|---|---|
| r-devel-linux-x86_64-debian-clang | 0.8.7.3 | 32.87 | 62.82 | 95.69 | NOTE | |
| r-devel-linux-x86_64-debian-gcc | 0.8.7.3 | 26.73 | 49.02 | 75.75 | NOTE | |
| r-devel-linux-x86_64-fedora-clang | 0.8.7.3 | 69.00 | 86.12 | 155.12 | NOTE | |
| r-devel-linux-x86_64-fedora-gcc | 0.8.7.3 | 166.00 | 39.28 | 205.28 | NOTE | |
| r-devel-windows-x86_64 | 0.8.7.3 | 45.00 | 88.00 | 133.00 | NOTE | |
| r-patched-linux-x86_64 | 0.8.7.3 | 36.16 | 61.99 | 98.15 | NOTE | |
| r-release-linux-x86_64 | 0.8.7.3 | 35.10 | 61.25 | 96.35 | NOTE | |
| r-release-macos-arm64 | 0.8.7.3 | NOTE | ||||
| r-release-macos-x86_64 | 0.8.7.3 | 35.00 | 91.00 | 126.00 | NOTE | |
| r-release-windows-x86_64 | 0.8.7.3 | 38.00 | 88.00 | 126.00 | NOTE | |
| r-oldrel-macos-arm64 | 0.8.7.3 | NOTE | ||||
| r-oldrel-macos-x86_64 | 0.8.7.3 | 36.00 | 69.00 | 105.00 | NOTE | |
| r-oldrel-windows-x86_64 | 0.8.7.3 | 46.00 | 114.00 | 160.00 | NOTE |
Version: 0.8.7.3
Check: CRAN incoming feasibility
Result: NOTE
Maintainer: ‘Michael Braun <braunm@smu.edu>’
Package CITATION file contains call(s) to old-style personList() or
as.personList(). Please use c() on person objects instead.
Package CITATION file contains call(s) to old-style citEntry(). Please
use bibentry() instead.
Flavors: r-devel-linux-x86_64-debian-clang, r-devel-linux-x86_64-debian-gcc
Version: 0.8.7.3
Check: C++ specification
Result: NOTE
Specified C++11: please drop specification unless essential
Flavors: r-devel-linux-x86_64-debian-clang, r-devel-linux-x86_64-debian-gcc, r-devel-linux-x86_64-fedora-clang, r-devel-linux-x86_64-fedora-gcc, r-devel-windows-x86_64, r-patched-linux-x86_64, r-release-linux-x86_64, r-release-macos-arm64, r-release-macos-x86_64, r-release-windows-x86_64, r-oldrel-macos-arm64, r-oldrel-macos-x86_64, r-oldrel-windows-x86_64
Version: 0.8.7.3
Check: installed package size
Result: NOTE
installed size is 8.4Mb
sub-directories of 1Mb or more:
libs 8.1Mb
Flavors: r-oldrel-macos-arm64, r-oldrel-macos-x86_64