Last updated on 2025-10-21 17:50:07 CEST.
Flavor | Version | Tinstall | Tcheck | Ttotal | Status | Flags |
---|---|---|---|---|---|---|
r-devel-linux-x86_64-debian-clang | 0.2.11 | 9.42 | 201.18 | 210.60 | NOTE | |
r-devel-linux-x86_64-debian-gcc | 0.2.11 | 6.33 | 136.41 | 142.74 | NOTE | |
r-devel-linux-x86_64-fedora-clang | 0.2.11 | 49.00 | 302.03 | 351.03 | OK | |
r-devel-linux-x86_64-fedora-gcc | 0.2.11 | 25.00 | 309.07 | 334.07 | OK | |
r-devel-windows-x86_64 | 0.2.11 | 11.00 | 185.00 | 196.00 | OK | |
r-patched-linux-x86_64 | 0.2.11 | 8.83 | 189.32 | 198.15 | OK | |
r-release-linux-x86_64 | 0.2.11 | 9.45 | 187.30 | 196.75 | OK | |
r-release-macos-arm64 | 0.2.11 | 4.00 | 81.00 | 85.00 | OK | |
r-release-macos-x86_64 | 0.2.11 | 12.00 | 139.00 | 151.00 | OK | |
r-release-windows-x86_64 | 0.2.11 | 11.00 | 192.00 | 203.00 | OK | |
r-oldrel-macos-arm64 | 0.2.11 | 3.00 | 94.00 | 97.00 | OK | |
r-oldrel-macos-x86_64 | 0.2.11 | 5.00 | 109.00 | 114.00 | OK | |
r-oldrel-windows-x86_64 | 0.2.11 | 14.00 | 253.00 | 267.00 | OK |
Version: 0.2.11
Check: HTML version of manual
Result: NOTE
Found the following HTML validation problems:
Trelliscope-shiny.html:68:1 (Trelliscope-shiny.Rd:25): Warning: missing </ul> before </div>
as_cognostics.html:78:1 (as_cognostics.Rd:30): Warning: missing </ul> before </div>
cog_disp_filter.html:93:1 (cog_disp_filter.Rd:39): Warning: missing </ul> before </div>
img_panel.html:46:1 (img_panel.Rd:10): Warning: missing </ul> before </div>
input_cogs.html:55:1 (input_cogs.Rd:15): Warning: missing </ul> before </div>
input_radio.html:62:1 (input_radio.Rd:18): Warning: missing </ul> before </div>
input_text.html:73:1 (input_text.Rd:27): Warning: missing </ul> before </div>
md_description.html:58:1 (md_description.Rd:18): Warning: missing </ul> before </div>
prepare_display.html:78:1 (prepare_display.Rd:30): Warning: missing </ul> before </div>
print.facet_trelliscope.html:51:1 (print.facet_trelliscope.Rd:12): Warning: missing </ul> before </div>
sort_spec.html:50:1 (sort_spec.Rd:12): Warning: missing </ul> before </div>
tr_charm.html:51:1 (tr_charm.Rd:13): Warning: missing </ul> before </div>
update_display_list.html:50:1 (update_display_list.Rd:12): Warning: missing </ul> before </div>
view_item.html:50:1 (view_item.Rd:12): Warning: missing </ul> before </div>
view_list.html:46:1 (view_list.Rd:10): Warning: missing </ul> before </div>
write_cognostics.html:66:1 (write_cognostics.Rd:20): Warning: missing </ul> before </div>
write_config.html:83:1 (write_config.Rd:33): Warning: missing </ul> before </div>
write_display_obj.html:163:1 (write_display_obj.Rd:81): Warning: missing </ul> before </div>
write_panel.html:88:1 (write_panel.Rd:36): Warning: missing </ul> before </div>
write_panels.html:54:1 (write_panels.Rd:14): Warning: missing </ul> before </div>
Flavors: r-devel-linux-x86_64-debian-clang, r-devel-linux-x86_64-debian-gcc