Last updated on 2025-11-03 15:49:50 CET.
| Flavor | Version | Tinstall | Tcheck | Ttotal | Status | Flags |
|---|---|---|---|---|---|---|
| r-devel-linux-x86_64-debian-clang | 1.1.6 | 16.96 | 155.26 | 172.22 | OK | |
| r-devel-linux-x86_64-debian-gcc | 1.1.6 | 11.84 | 109.44 | 121.28 | OK | |
| r-devel-linux-x86_64-fedora-clang | 1.1.6 | 38.00 | 230.38 | 268.38 | OK | |
| r-devel-linux-x86_64-fedora-gcc | 1.1.6 | 38.00 | 222.27 | 260.27 | OK | |
| r-devel-windows-x86_64 | 1.1.6 | 23.00 | 154.00 | 177.00 | OK | |
| r-patched-linux-x86_64 | 1.1.6 | 16.93 | 146.10 | 163.03 | OK | |
| r-release-linux-x86_64 | 1.1.6 | 17.03 | 146.69 | 163.72 | OK | |
| r-release-macos-arm64 | 1.1.6 | 8.00 | 51.00 | 59.00 | OK | |
| r-release-macos-x86_64 | 1.1.6 | 15.00 | 121.00 | 136.00 | OK | |
| r-release-windows-x86_64 | 1.1.6 | 22.00 | 152.00 | 174.00 | OK | |
| r-oldrel-macos-arm64 | 1.1.6 | 9.00 | 64.00 | 73.00 | OK | |
| r-oldrel-macos-x86_64 | 1.1.6 | 18.00 | 144.00 | 162.00 | NOTE | |
| r-oldrel-windows-x86_64 | 1.1.6 | 29.00 | 199.00 | 228.00 | OK |
Version: 1.1.6
Check: R code for possible problems
Result: NOTE
Fatal error: cannot create 'R_TempDir'
Flavor: r-oldrel-macos-x86_64