Last updated on 2025-10-31 14:49:57 CET.
| Flavor | Version | Tinstall | Tcheck | Ttotal | Status | Flags | 
|---|---|---|---|---|---|---|
| r-devel-linux-x86_64-debian-clang | 0.2.2 | 2.79 | 95.15 | 97.94 | NOTE | |
| r-devel-linux-x86_64-debian-gcc | 0.2.2 | 2.57 | 73.91 | 76.48 | NOTE | |
| r-devel-linux-x86_64-fedora-clang | 0.2.2 | 160.29 | OK | |||
| r-devel-linux-x86_64-fedora-gcc | 0.2.2 | 179.56 | OK | |||
| r-devel-windows-x86_64 | 0.2.2 | 5.00 | 181.00 | 186.00 | OK | |
| r-patched-linux-x86_64 | 0.2.2 | 3.88 | 92.15 | 96.03 | OK | |
| r-release-linux-x86_64 | 0.2.2 | 3.37 | 93.22 | 96.59 | OK | |
| r-release-macos-arm64 | 0.2.2 | 2.00 | 67.00 | 69.00 | OK | |
| r-release-macos-x86_64 | 0.2.2 | 3.00 | 108.00 | 111.00 | OK | |
| r-release-windows-x86_64 | 0.2.2 | 6.00 | 183.00 | 189.00 | OK | |
| r-oldrel-macos-arm64 | 0.2.2 | 2.00 | 62.00 | 64.00 | NOTE | |
| r-oldrel-macos-x86_64 | 0.2.2 | 2.00 | 84.00 | 86.00 | NOTE | |
| r-oldrel-windows-x86_64 | 0.2.2 | 7.00 | 185.00 | 192.00 | NOTE | 
Version: 0.2.2
Check: CRAN incoming feasibility
Result: NOTE
  Maintainer: ‘Almut E. D. Veraart <a.veraart@imperial.ac.uk>’
  
  No Authors@R field in DESCRIPTION.
  Please add one, modifying
    Authors@R: person(given = c("Almut", "E.", "D."),
                      family = "Veraart",
                      role = c("aut", "cre"),
                      email = "a.veraart@imperial.ac.uk")
  as necessary.
  
  Package CITATION file contains call(s) to old-style personList() or
  as.personList().  Please use c() on person objects instead.
  Package CITATION file contains call(s) to old-style citEntry().  Please
  use bibentry() instead.
Flavors: r-devel-linux-x86_64-debian-clang, r-devel-linux-x86_64-debian-gcc
Version: 0.2.2
Check: LazyData
Result: NOTE
    'LazyData' is specified without a 'data' directory
Flavors: r-oldrel-macos-arm64, r-oldrel-macos-x86_64, r-oldrel-windows-x86_64