Last updated on 2024-07-13 11:49:30 CEST.
Flavor | Version | Tinstall | Tcheck | Ttotal | Status | Flags |
---|---|---|---|---|---|---|
r-devel-linux-x86_64-debian-clang | 0.15-2 | 106.64 | 83.79 | 190.43 | NOTE | |
r-devel-linux-x86_64-debian-gcc | 0.15-2 | 76.66 | 62.71 | 139.37 | NOTE | |
r-devel-linux-x86_64-fedora-clang | 0.15-2 | 321.28 | NOTE | |||
r-devel-linux-x86_64-fedora-gcc | 0.15-2 | 281.77 | NOTE | |||
r-devel-windows-x86_64 | 0.15-2 | 98.00 | 112.00 | 210.00 | OK | |
r-patched-linux-x86_64 | 0.15-2 | 87.30 | 80.90 | 168.20 | NOTE | |
r-release-linux-x86_64 | 0.15-2 | 94.05 | 82.73 | 176.78 | NOTE | |
r-release-macos-arm64 | 0.15-2 | 63.00 | NOTE | |||
r-release-macos-x86_64 | 0.15-2 | 80.00 | NOTE | |||
r-release-windows-x86_64 | 0.15-2 | 96.00 | 114.00 | 210.00 | OK | |
r-oldrel-macos-arm64 | 0.15-2 | 61.00 | NOTE | |||
r-oldrel-macos-x86_64 | 0.15-2 | 170.00 | NOTE | |||
r-oldrel-windows-x86_64 | 0.15-2 | 115.00 | 129.00 | 244.00 | OK |
Version: 0.15-2
Check: package dependencies
Result: NOTE
Package suggested but not available for checking: ‘WSGeometry’
Flavors: r-devel-linux-x86_64-debian-clang, r-devel-linux-x86_64-debian-gcc, r-devel-linux-x86_64-fedora-clang, r-devel-linux-x86_64-fedora-gcc, r-patched-linux-x86_64, r-release-linux-x86_64
Version: 0.15-2
Check: installed package size
Result: NOTE
installed size is 8.7Mb
sub-directories of 1Mb or more:
libs 8.1Mb
Flavors: r-release-macos-arm64, r-release-macos-x86_64, r-oldrel-macos-arm64, r-oldrel-macos-x86_64