Last updated on 2025-07-19 08:48:55 CEST.
Flavor | Version | Tinstall | Tcheck | Ttotal | Status | Flags |
---|---|---|---|---|---|---|
r-devel-linux-x86_64-debian-clang | 0.11.1 | 277.84 | 66.23 | 344.07 | OK | |
r-devel-linux-x86_64-debian-gcc | 0.11.1 | 156.82 | 44.17 | 200.99 | OK | |
r-devel-linux-x86_64-fedora-clang | 0.11.1 | 603.04 | OK | |||
r-devel-linux-x86_64-fedora-gcc | 0.11.1 | 551.43 | OK | |||
r-devel-windows-x86_64 | 0.11.1 | 212.00 | 106.00 | 318.00 | OK | |
r-patched-linux-x86_64 | 0.11.1 | 225.84 | 61.54 | 287.38 | OK | |
r-release-linux-x86_64 | 0.11.1 | 221.82 | 61.73 | 283.55 | OK | |
r-release-macos-arm64 | 0.11.1 | 107.00 | OK | |||
r-release-macos-x86_64 | 0.11.1 | 101.00 | OK | |||
r-release-windows-x86_64 | 0.11.1 | 205.00 | 103.00 | 308.00 | OK | |
r-oldrel-macos-arm64 | 0.11.1 | 116.00 | NOTE | |||
r-oldrel-macos-x86_64 | 0.11.1 | 138.00 | NOTE | |||
r-oldrel-windows-x86_64 | 0.11.1 | 262.00 | 128.00 | 390.00 | OK |
Version: 0.11.1
Check: installed package size
Result: NOTE
installed size is 21.9Mb
sub-directories of 1Mb or more:
libs 20.8Mb
Flavors: r-oldrel-macos-arm64, r-oldrel-macos-x86_64