CRAN Package Check Results for Package trafo

Last updated on 2025-11-23 09:51:05 CET.

Flavor Version Tinstall Tcheck Ttotal Status Flags
r-devel-linux-x86_64-debian-clang 1.0.1 6.42 56.11 62.53 OK
r-devel-linux-x86_64-debian-gcc 1.0.1 4.37 39.79 44.16 OK
r-devel-linux-x86_64-fedora-clang 1.0.1 15.00 83.22 98.22 OK
r-devel-linux-x86_64-fedora-gcc 1.0.1 38.00 77.93 115.93 OK
r-devel-windows-x86_64 1.0.1 10.00 76.00 86.00 OK
r-patched-linux-x86_64 1.0.1 7.48 52.13 59.61 OK
r-release-linux-x86_64 1.0.1 6.45 52.36 58.81 OK
r-release-macos-arm64 1.0.1 OK
r-release-macos-x86_64 1.0.1 6.00 78.00 84.00 OK
r-release-windows-x86_64 1.0.1 8.00 84.00 92.00 OK
r-oldrel-macos-arm64 1.0.1 NOTE
r-oldrel-macos-x86_64 1.0.1 5.00 46.00 51.00 NOTE
r-oldrel-windows-x86_64 1.0.1 11.00 89.00 100.00 NOTE

Check Details

Version: 1.0.1
Check: LazyData
Result: NOTE 'LazyData' is specified without a 'data' directory Flavors: r-oldrel-macos-arm64, r-oldrel-macos-x86_64, r-oldrel-windows-x86_64