Last updated on 2025-11-20 14:51:30 CET.
| Flavor | Version | Tinstall | Tcheck | Ttotal | Status | Flags |
|---|---|---|---|---|---|---|
| r-devel-linux-x86_64-debian-clang | 2.2.3 | 9.19 | 41.03 | 50.22 | NOTE | |
| r-devel-linux-x86_64-debian-gcc | 2.2.3 | 5.95 | 32.89 | 38.84 | NOTE | |
| r-devel-linux-x86_64-fedora-clang | 2.2.3 | 26.00 | 56.45 | 82.45 | NOTE | |
| r-devel-linux-x86_64-fedora-gcc | 2.2.3 | 16.00 | 72.13 | 88.13 | NOTE | |
| r-devel-windows-x86_64 | 2.2.3 | 16.00 | 86.00 | 102.00 | NOTE | |
| r-patched-linux-x86_64 | 2.2.3 | 9.20 | 38.23 | 47.43 | NOTE | |
| r-release-linux-x86_64 | 2.2.3 | 9.12 | 38.12 | 47.24 | NOTE | |
| r-release-macos-arm64 | 2.2.3 | NOTE | ||||
| r-release-macos-x86_64 | 2.2.3 | 13.00 | 87.00 | 100.00 | NOTE | |
| r-release-windows-x86_64 | 2.2.3 | 14.00 | 80.00 | 94.00 | NOTE | |
| r-oldrel-macos-arm64 | 2.2.3 | NOTE | ||||
| r-oldrel-macos-x86_64 | 2.2.3 | 8.00 | 49.00 | 57.00 | NOTE | |
| r-oldrel-windows-x86_64 | 2.2.3 | 14.00 | 97.00 | 111.00 | NOTE |
Version: 2.2.3
Check: Rd files
Result: NOTE
checkRd: (-1) parse_beast_output_files.Rd:23: Lost braces
23 | item{\code{estimates}: parameter estimates}
| ^
checkRd: (-1) parse_beast_output_files.Rd:24-28: Lost braces
24 | item{
| ^
checkRd: (-1) parse_beast_output_files.Rd:29-31: Lost braces
29 | item{\code{operators}: the BEAST2 MCMC operator
| ^
checkRd: (-1) parse_beast_posterior.Rd:28: Lost braces
28 | item{\code{estimates}: parameter estimates}
| ^
checkRd: (-1) parse_beast_posterior.Rd:29-33: Lost braces
29 | item{
| ^
Flavors: r-devel-linux-x86_64-debian-clang, r-devel-linux-x86_64-debian-gcc, r-devel-linux-x86_64-fedora-clang, r-devel-linux-x86_64-fedora-gcc, r-devel-windows-x86_64, r-patched-linux-x86_64, r-release-linux-x86_64, r-release-macos-arm64, r-release-macos-x86_64, r-release-windows-x86_64, r-oldrel-macos-arm64, r-oldrel-macos-x86_64, r-oldrel-windows-x86_64