CRAN Package Check Results for Package tracer

Last updated on 2025-07-22 16:49:49 CEST.

Flavor Version Tinstall Tcheck Ttotal Status Flags
r-devel-linux-x86_64-debian-clang 1.0.0 2.03 22.78 24.81 OK
r-devel-linux-x86_64-debian-gcc 1.0.0 1.49 18.97 20.46 OK
r-devel-linux-x86_64-fedora-clang 1.0.0 38.66 OK
r-devel-linux-x86_64-fedora-gcc 1.0.0 34.86 OK
r-devel-windows-x86_64 1.0.0 2.00 41.00 43.00 OK
r-patched-linux-x86_64 1.0.0 2.02 20.52 22.54 OK
r-release-linux-x86_64 1.0.0 1.89 20.61 22.50 OK
r-release-macos-arm64 1.0.0 26.00 OK
r-release-macos-x86_64 1.0.0 40.00 OK
r-release-windows-x86_64 1.0.0 3.00 44.00 47.00 OK
r-oldrel-macos-arm64 1.0.0 22.00 NOTE
r-oldrel-macos-x86_64 1.0.0 30.00 NOTE
r-oldrel-windows-x86_64 1.0.0 4.00 48.00 52.00 NOTE

Check Details

Version: 1.0.0
Check: LazyData
Result: NOTE 'LazyData' is specified without a 'data' directory Flavors: r-oldrel-macos-arm64, r-oldrel-macos-x86_64, r-oldrel-windows-x86_64