Last updated on 2025-10-28 12:49:22 CET.
| Flavor | Version | Tinstall | Tcheck | Ttotal | Status | Flags |
|---|---|---|---|---|---|---|
| r-devel-linux-x86_64-debian-clang | 1.1.8 | 2.81 | 25.66 | 28.47 | NOTE | |
| r-devel-linux-x86_64-debian-gcc | 1.1.8 | 1.84 | 19.43 | 21.27 | NOTE | |
| r-devel-linux-x86_64-fedora-clang | 1.1.8 | 40.78 | OK | |||
| r-devel-linux-x86_64-fedora-gcc | 1.1.8 | 39.98 | OK | |||
| r-devel-windows-x86_64 | 1.1.8 | 4.00 | 46.00 | 50.00 | OK | |
| r-patched-linux-x86_64 | 1.1.8 | 2.58 | 23.72 | 26.30 | OK | |
| r-release-linux-x86_64 | 1.1.8 | 2.57 | 23.76 | 26.33 | OK | |
| r-release-macos-arm64 | 1.1.8 | 2.00 | 16.00 | 18.00 | OK | |
| r-release-macos-x86_64 | 1.1.8 | 3.00 | 25.00 | 28.00 | OK | |
| r-release-windows-x86_64 | 1.1.8 | 5.00 | 49.00 | 54.00 | OK | |
| r-oldrel-macos-arm64 | 1.1.8 | 1.00 | 15.00 | 16.00 | NOTE | |
| r-oldrel-macos-x86_64 | 1.1.8 | 2.00 | 21.00 | 23.00 | NOTE | |
| r-oldrel-windows-x86_64 | 1.1.8 | 6.00 | 52.00 | 58.00 | NOTE |
Version: 1.1.8
Check: CRAN incoming feasibility
Result: NOTE
Maintainer: ‘Muhammed Ali Onder <muhammedalionder@gmail.com>’
No Authors@R field in DESCRIPTION.
Please add one, modifying
Authors@R: person(given = c("Muhammed", "Ali"),
family = "Onder",
role = c("aut", "cre"),
email = "muhammedalionder@gmail.com")
as necessary.
Flavors: r-devel-linux-x86_64-debian-clang, r-devel-linux-x86_64-debian-gcc
Version: 1.1.8
Check: LazyData
Result: NOTE
'LazyData' is specified without a 'data' directory
Flavors: r-oldrel-macos-arm64, r-oldrel-macos-x86_64, r-oldrel-windows-x86_64