Last updated on 2025-10-22 17:49:54 CEST.
Flavor | Version | Tinstall | Tcheck | Ttotal | Status | Flags |
---|---|---|---|---|---|---|
r-devel-linux-x86_64-debian-clang | 0.57 | 2.62 | 28.52 | 31.14 | NOTE | |
r-devel-linux-x86_64-debian-gcc | 0.57 | 2.27 | 22.05 | 24.32 | NOTE | |
r-devel-linux-x86_64-fedora-clang | 0.57 | 12.00 | 35.47 | 47.47 | OK | |
r-devel-linux-x86_64-fedora-gcc | 0.57 | 43.25 | OK | |||
r-devel-windows-x86_64 | 0.57 | 6.00 | 51.00 | 57.00 | OK | |
r-patched-linux-x86_64 | 0.57 | 3.18 | 26.09 | 29.27 | OK | |
r-release-linux-x86_64 | 0.57 | 2.35 | 26.42 | 28.77 | OK | |
r-release-macos-arm64 | 0.57 | 2.00 | 19.00 | 21.00 | OK | |
r-release-macos-x86_64 | 0.57 | 2.00 | 28.00 | 30.00 | OK | |
r-release-windows-x86_64 | 0.57 | 7.00 | 54.00 | 61.00 | OK | |
r-oldrel-macos-arm64 | 0.57 | 1.00 | 20.00 | 21.00 | OK | |
r-oldrel-macos-x86_64 | 0.57 | 2.00 | 31.00 | 33.00 | OK | |
r-oldrel-windows-x86_64 | 0.57 | 7.00 | 58.00 | 65.00 | OK |
Version: 0.57
Check: HTML version of manual
Result: NOTE
Found the following HTML validation problems:
parse_install.html:47:1 (parse_install.Rd:10): Warning: missing </ul> before </div>
Flavors: r-devel-linux-x86_64-debian-clang, r-devel-linux-x86_64-debian-gcc