CRAN Package Check Results for Package timeseriesdb

Last updated on 2025-11-23 03:49:01 CET.

Flavor Version Tinstall Tcheck Ttotal Status Flags
r-devel-linux-x86_64-debian-clang 1.0.0-1.1.2 6.11 69.91 76.02 NOTE
r-devel-linux-x86_64-debian-gcc 1.0.0-1.1.2 4.04 51.76 55.80 NOTE
r-devel-linux-x86_64-fedora-clang 1.0.0-1.1.2 13.00 102.11 115.11 NOTE
r-devel-linux-x86_64-fedora-gcc 1.0.0-1.1.2 16.00 106.73 122.73 NOTE
r-devel-windows-x86_64 1.0.0-1.1.2 9.00 93.00 102.00 NOTE
r-patched-linux-x86_64 1.0.0-1.1.2 7.55 63.37 70.92 NOTE
r-release-linux-x86_64 1.0.0-1.1.2 5.66 63.72 69.38 NOTE
r-release-macos-arm64 1.0.0-1.1.2 NOTE
r-release-macos-x86_64 1.0.0-1.1.2 6.00 82.00 88.00 NOTE
r-release-windows-x86_64 1.0.0-1.1.2 9.00 111.00 120.00 NOTE
r-oldrel-macos-arm64 1.0.0-1.1.2 NOTE
r-oldrel-macos-x86_64 1.0.0-1.1.2 4.00 62.00 66.00 NOTE
r-oldrel-windows-x86_64 1.0.0-1.1.2 12.00 107.00 119.00 NOTE

Check Details

Version: 1.0.0-1.1.2
Check: Rd files
Result: NOTE checkRd: (-1) setup_sql_functions.Rd:5: Lost braces; missing escapes or markup? 5 | \title{Install {timeseriesdb} System Functions} | ^ checkRd: (-1) setup_sql_functions.Rd:17: Lost braces; missing escapes or markup? 17 | Installs functions needed to operated {timeseriesdb} in | ^ checkRd: (-1) setup_sql_grant_rights.Rd:5: Lost braces; missing escapes or markup? 5 | \title{Grant execute on {timeseriesdb} functions} | ^ checkRd: (-1) setup_sql_grant_rights.Rd:17: Lost braces; missing escapes or markup? 17 | Grant execute on {timeseriesdb} functions | ^ checkRd: (-1) setup_sql_tables.Rd:5: Lost braces; missing escapes or markup? 5 | \title{Install {timeseriesdb} System Tables} | ^ checkRd: (-1) setup_sql_tables.Rd:17: Lost braces; missing escapes or markup? 17 | Installs tables needed to operated {timeseriesdb} in | ^ checkRd: (-1) setup_sql_triggers.Rd:5: Lost braces; missing escapes or markup? 5 | \title{Install {timeseriesdb} Triggers} | ^ Flavors: r-devel-linux-x86_64-debian-clang, r-devel-linux-x86_64-debian-gcc, r-devel-linux-x86_64-fedora-clang, r-devel-linux-x86_64-fedora-gcc, r-devel-windows-x86_64, r-patched-linux-x86_64, r-release-linux-x86_64, r-release-macos-arm64, r-release-macos-x86_64, r-release-windows-x86_64, r-oldrel-macos-arm64, r-oldrel-macos-x86_64, r-oldrel-windows-x86_64