CRAN Package Check Results for Package tidybins

Last updated on 2025-07-15 11:49:41 CEST.

Flavor Version Tinstall Tcheck Ttotal Status Flags
r-devel-linux-x86_64-debian-clang 0.1.1 2.56 37.88 40.44 OK
r-devel-linux-x86_64-debian-gcc 0.1.1 1.89 29.36 31.25 OK
r-devel-linux-x86_64-fedora-clang 0.1.1 62.56 NOTE
r-devel-linux-x86_64-fedora-gcc 0.1.1 74.10 NOTE
r-devel-windows-x86_64 0.1.1 6.00 64.00 70.00 OK
r-patched-linux-x86_64 0.1.1 3.03 35.08 38.11 OK
r-release-linux-x86_64 0.1.1 2.39 35.08 37.47 OK
r-release-macos-arm64 0.1.1 27.00 OK
r-release-macos-x86_64 0.1.1 48.00 OK
r-release-windows-x86_64 0.1.1 6.00 71.00 77.00 OK
r-oldrel-macos-arm64 0.1.1 30.00 OK
r-oldrel-macos-x86_64 0.1.1 66.00 OK
r-oldrel-windows-x86_64 0.1.1 7.00 70.00 77.00 OK

Check Details

Version: 0.1.1
Check: dependencies in R code
Result: NOTE Namespaces in Imports field not imported from: ‘badger’ ‘ggplot2’ ‘lubridate’ ‘scales’ ‘xgboost’ All declared Imports should be used. Flavors: r-devel-linux-x86_64-fedora-clang, r-devel-linux-x86_64-fedora-gcc