Last updated on 2025-10-23 11:50:31 CEST.
Flavor | Version | Tinstall | Tcheck | Ttotal | Status | Flags |
---|---|---|---|---|---|---|
r-devel-linux-x86_64-debian-clang | 0.0.6 | 7.57 | 91.10 | 98.67 | NOTE | |
r-devel-linux-x86_64-debian-gcc | 0.0.6 | 5.50 | 65.13 | 70.63 | NOTE | |
r-devel-linux-x86_64-fedora-clang | 0.0.6 | 57.00 | 107.18 | 164.18 | OK | |
r-devel-linux-x86_64-fedora-gcc | 0.0.6 | 27.00 | 146.69 | 173.69 | OK | |
r-devel-windows-x86_64 | 0.0.6 | 10.00 | 106.00 | 116.00 | OK | |
r-patched-linux-x86_64 | 0.0.6 | 8.27 | 84.17 | 92.44 | OK | |
r-release-linux-x86_64 | 0.0.6 | 5.40 | 84.16 | 89.56 | OK | |
r-release-macos-arm64 | 0.0.6 | 3.00 | 34.00 | 37.00 | OK | |
r-release-macos-x86_64 | 0.0.6 | 9.00 | 87.00 | 96.00 | OK | |
r-release-windows-x86_64 | 0.0.6 | 10.00 | 111.00 | 121.00 | OK | |
r-oldrel-macos-arm64 | 0.0.6 | 3.00 | 46.00 | 49.00 | OK | |
r-oldrel-macos-x86_64 | 0.0.6 | 6.00 | 92.00 | 98.00 | OK | |
r-oldrel-windows-x86_64 | 0.0.6 | 15.00 | 135.00 | 150.00 | OK |
Version: 0.0.6
Check: CRAN incoming feasibility
Result: NOTE
Maintainer: ‘Steven Sanderson <spsanderson@gmail.com>’
Found the following (possibly) invalid URLs:
URL: https://lifecycle.r-lib.org/articles/stages.html##experimental
From: README.md
Message: Invalid URL: '#' not allowed in fragment
Flavors: r-devel-linux-x86_64-debian-clang, r-devel-linux-x86_64-debian-gcc