Last updated on 2025-11-23 03:49:00 CET.
| Flavor | Version | Tinstall | Tcheck | Ttotal | Status | Flags |
|---|---|---|---|---|---|---|
| r-devel-linux-x86_64-debian-clang | 1.0.0 | 4.67 | 47.84 | 52.51 | NOTE | |
| r-devel-linux-x86_64-debian-gcc | 1.0.0 | 3.95 | 36.17 | 40.12 | NOTE | |
| r-devel-linux-x86_64-fedora-clang | 1.0.0 | 14.00 | 65.11 | 79.11 | NOTE | |
| r-devel-linux-x86_64-fedora-gcc | 1.0.0 | 11.00 | 61.23 | 72.23 | NOTE | |
| r-devel-windows-x86_64 | 1.0.0 | 9.00 | 60.00 | 69.00 | NOTE | |
| r-patched-linux-x86_64 | 1.0.0 | 4.90 | 42.59 | 47.49 | NOTE | |
| r-release-linux-x86_64 | 1.0.0 | 4.62 | 42.33 | 46.95 | NOTE | |
| r-release-macos-arm64 | 1.0.0 | NOTE | ||||
| r-release-macos-x86_64 | 1.0.0 | 5.00 | 40.00 | 45.00 | NOTE | |
| r-release-windows-x86_64 | 1.0.0 | 7.00 | 66.00 | 73.00 | NOTE | |
| r-oldrel-macos-arm64 | 1.0.0 | OK | ||||
| r-oldrel-macos-x86_64 | 1.0.0 | 4.00 | 36.00 | 40.00 | OK | |
| r-oldrel-windows-x86_64 | 1.0.0 | 10.00 | 70.00 | 80.00 | OK |
Version: 1.0.0
Check: DESCRIPTION meta-information
Result: NOTE
Missing dependency on R >= 4.1.0 because package code uses the pipe
|> or function shorthand \(...) syntax added in R 4.1.0.
File(s) using such syntax:
‘nlp_build_chunks.R’ ‘sem_search_corpus.R’
Flavors: r-devel-linux-x86_64-debian-clang, r-devel-linux-x86_64-debian-gcc, r-devel-linux-x86_64-fedora-clang, r-devel-linux-x86_64-fedora-gcc, r-devel-windows-x86_64, r-patched-linux-x86_64, r-release-linux-x86_64, r-release-macos-arm64, r-release-macos-x86_64, r-release-windows-x86_64