Last updated on 2025-10-21 11:53:42 CEST.
Flavor | Version | Tinstall | Tcheck | Ttotal | Status | Flags |
---|---|---|---|---|---|---|
r-devel-linux-x86_64-debian-clang | 0.6.4 | 55.72 | 163.67 | 219.39 | NOTE | |
r-devel-linux-x86_64-debian-gcc | 0.6.4 | 41.97 | 103.77 | 145.74 | NOTE | |
r-devel-linux-x86_64-fedora-clang | 0.6.4 | 358.61 | OK | |||
r-devel-linux-x86_64-fedora-gcc | 0.6.4 | 135.00 | 279.20 | 414.20 | OK | |
r-devel-windows-x86_64 | 0.6.4 | 66.00 | 167.00 | 233.00 | NOTE | |
r-patched-linux-x86_64 | 0.6.4 | 59.36 | 155.56 | 214.92 | NOTE | |
r-release-linux-x86_64 | 0.6.4 | 60.22 | 151.92 | 212.14 | NOTE | |
r-release-macos-arm64 | 0.6.4 | 130.00 | OK | |||
r-release-macos-x86_64 | 0.6.4 | 38.00 | 179.00 | 217.00 | OK | |
r-release-windows-x86_64 | 0.6.4 | 69.00 | 162.00 | 231.00 | NOTE | |
r-oldrel-macos-arm64 | 0.6.4 | 107.00 | NOTE | |||
r-oldrel-macos-x86_64 | 0.6.4 | 162.00 | NOTE | |||
r-oldrel-windows-x86_64 | 0.6.4 | 82.00 | 252.00 | 334.00 | OK |
Version: 0.6.4
Check: Rd cross-references
Result: NOTE
Found the following Rd file(s) with Rd \link{} targets missing package
anchors:
BNS.Rd: R6Class
Collocations.Rd: R6Class
LatentDirichletAllocation.Rd: R6Class
LatentSemanticAnalysis.Rd: R6Class
RelaxedWordMoversDistance.Rd: R6Class
TfIdf.Rd: R6Class
Please provide package anchors for all Rd \link{} targets not in the
package itself and the base packages.
Flavors: r-devel-linux-x86_64-debian-clang, r-devel-linux-x86_64-debian-gcc, r-devel-windows-x86_64, r-patched-linux-x86_64, r-release-linux-x86_64, r-release-windows-x86_64
Version: 0.6.4
Check: HTML version of manual
Result: NOTE
Found the following HTML validation problems:
as.lda_c.html:46:1 (as.lda_c.Rd:10): Warning: missing </ul> before </div>
jsPCA_robust.html:51:1 (jsPCA_robust.Rd:12): Warning: missing </ul> before </div>
print.text2vec_vocabulary.html:51:1 (print.text2vec_vocabulary.Rd:12): Warning: missing </ul> before </div>
Flavors: r-devel-linux-x86_64-debian-clang, r-devel-linux-x86_64-debian-gcc
Version: 0.6.4
Check: installed package size
Result: NOTE
installed size is 7.6Mb
sub-directories of 1Mb or more:
data 2.7Mb
libs 4.0Mb
Flavors: r-oldrel-macos-arm64, r-oldrel-macos-x86_64