CRAN Package Check Results for Package text2sdg

Last updated on 2025-07-17 05:50:06 CEST.

Flavor Version Tinstall Tcheck Ttotal Status Flags
r-devel-linux-x86_64-debian-clang 1.1.1 7.17 354.70 361.87 NOTE
r-devel-linux-x86_64-debian-gcc 1.1.1 5.79 241.10 246.89 NOTE
r-devel-linux-x86_64-fedora-clang 1.1.1 481.95 OK
r-devel-linux-x86_64-fedora-gcc 1.1.1 479.37 OK
r-devel-windows-x86_64 1.1.1 11.00 223.00 234.00 NOTE
r-patched-linux-x86_64 1.1.1 8.81 280.33 289.14 NOTE
r-release-linux-x86_64 1.1.1 8.34 283.85 292.19 NOTE
r-release-macos-arm64 1.1.1 135.00 OK
r-release-macos-x86_64 1.1.1 323.00 OK
r-release-windows-x86_64 1.1.1 11.00 230.00 241.00 NOTE
r-oldrel-macos-arm64 1.1.1 124.00 OK
r-oldrel-macos-x86_64 1.1.1 222.00 OK
r-oldrel-windows-x86_64 1.1.1 13.00 307.00 320.00 OK

Check Details

Version: 1.1.1
Check: CRAN incoming feasibility
Result: NOTE Maintainer: ‘Dominik S. Meier <dominikmeier@outlook.com>’ The Description field contains <arXiv:2110.05856>. Please refer to arXiv e-prints via their arXiv DOI <doi:10.48550/arXiv.YYMM.NNNNN>. Flavors: r-devel-linux-x86_64-debian-clang, r-devel-linux-x86_64-debian-gcc

Version: 1.1.1
Check: Rd cross-references
Result: NOTE Found the following Rd file(s) with Rd \link{} targets missing package anchors: plot_sdg.Rd: color Please provide package anchors for all Rd \link{} targets not in the package itself and the base packages. Flavors: r-devel-linux-x86_64-debian-clang, r-devel-linux-x86_64-debian-gcc, r-devel-windows-x86_64, r-patched-linux-x86_64, r-release-linux-x86_64, r-release-windows-x86_64