Last updated on 2025-11-05 21:49:47 CET.
| Flavor | Version | Tinstall | Tcheck | Ttotal | Status | Flags |
|---|---|---|---|---|---|---|
| r-devel-linux-x86_64-debian-clang | 1.1.1 | 2.66 | 59.76 | 62.42 | NOTE | |
| r-devel-linux-x86_64-debian-gcc | 1.1.1 | 2.24 | 46.09 | 48.33 | NOTE | |
| r-devel-linux-x86_64-fedora-clang | 1.2.0 | 24.00 | 80.52 | 104.52 | OK | |
| r-devel-linux-x86_64-fedora-gcc | 1.2.0 | 106.18 | OK | |||
| r-devel-windows-x86_64 | 1.1.1 | 4.00 | 81.00 | 85.00 | OK | |
| r-patched-linux-x86_64 | 1.1.1 | 3.01 | 57.35 | 60.36 | OK | |
| r-release-linux-x86_64 | 1.1.1 | 2.89 | 57.35 | 60.24 | OK | |
| r-release-macos-arm64 | 1.2.0 | 1.00 | 76.00 | 77.00 | OK | |
| r-release-macos-x86_64 | 1.2.0 | 5.00 | 174.00 | 179.00 | OK | |
| r-release-windows-x86_64 | 1.1.1 | 5.00 | 81.00 | 86.00 | OK | |
| r-oldrel-macos-arm64 | 1.2.0 | 2.00 | 62.00 | 64.00 | OK | |
| r-oldrel-macos-x86_64 | 1.2.0 | 4.00 | 137.00 | 141.00 | OK | |
| r-oldrel-windows-x86_64 | 1.1.1 | 7.00 | 94.00 | 101.00 | OK |
Version: 1.1.1
Check: CRAN incoming feasibility
Result: NOTE
Maintainer: ‘Christoph Sax <christoph.sax@gmail.com>’
The BugReports field in DESCRIPTION has
https://github.com/christophsax/tempdisagg
which should likely be
https://github.com/christophsax/tempdisagg/issues
instead.
Flavors: r-devel-linux-x86_64-debian-clang, r-devel-linux-x86_64-debian-gcc