Last updated on 2025-10-31 01:49:16 CET.
| Flavor | Version | Tinstall | Tcheck | Ttotal | Status | Flags | 
|---|---|---|---|---|---|---|
| r-devel-linux-x86_64-debian-clang | 0.2.1 | 7.06 | 70.78 | 77.84 | NOTE | |
| r-devel-linux-x86_64-debian-gcc | 0.2.1 | 4.95 | 50.75 | 55.70 | NOTE | |
| r-devel-linux-x86_64-fedora-clang | 0.2.1 | 15.00 | 98.23 | 113.23 | NOTE | |
| r-devel-linux-x86_64-fedora-gcc | 0.2.1 | 14.00 | 104.46 | 118.46 | NOTE | |
| r-devel-windows-x86_64 | 0.2.1 | 8.00 | 82.00 | 90.00 | NOTE | |
| r-patched-linux-x86_64 | 0.2.1 | 5.62 | 66.27 | 71.89 | NOTE | |
| r-release-linux-x86_64 | 0.2.1 | 4.96 | 65.05 | 70.01 | NOTE | |
| r-release-macos-arm64 | 0.2.1 | 3.00 | 41.00 | 44.00 | NOTE | |
| r-release-macos-x86_64 | 0.2.1 | 10.00 | 140.00 | 150.00 | NOTE | |
| r-release-windows-x86_64 | 0.2.1 | 9.00 | 84.00 | 93.00 | NOTE | |
| r-oldrel-macos-arm64 | 0.2.1 | 2.00 | 41.00 | 43.00 | OK | |
| r-oldrel-macos-x86_64 | 0.2.1 | 4.00 | 77.00 | 81.00 | OK | |
| r-oldrel-windows-x86_64 | 0.2.1 | 11.00 | 102.00 | 113.00 | OK | 
Version: 0.2.1
Check: DESCRIPTION meta-information
Result: NOTE
    Missing dependency on R >= 4.1.0 because package code uses the pipe
    |> or function shorthand \(...) syntax added in R 4.1.0.
    File(s) using such syntax:
      ‘parse_schema.R’
Flavors: r-devel-linux-x86_64-debian-clang, r-devel-linux-x86_64-debian-gcc, r-devel-linux-x86_64-fedora-clang, r-devel-linux-x86_64-fedora-gcc, r-devel-windows-x86_64, r-patched-linux-x86_64, r-release-linux-x86_64, r-release-macos-arm64, r-release-macos-x86_64, r-release-windows-x86_64