Last updated on 2025-11-16 12:49:46 CET.
| Flavor | Version | Tinstall | Tcheck | Ttotal | Status | Flags |
|---|---|---|---|---|---|---|
| r-devel-linux-x86_64-debian-clang | 1.0.0 | 17.46 | 138.78 | 156.24 | OK | |
| r-devel-linux-x86_64-debian-gcc | 1.0.0 | 11.24 | 103.98 | 115.22 | OK | |
| r-devel-linux-x86_64-fedora-clang | 1.0.0 | 71.00 | 181.84 | 252.84 | OK | |
| r-devel-linux-x86_64-fedora-gcc | 1.0.0 | 34.00 | 187.87 | 221.87 | OK | |
| r-devel-windows-x86_64 | 1.0.0 | 24.00 | 141.00 | 165.00 | OK | |
| r-patched-linux-x86_64 | 1.0.0 | 15.23 | 132.98 | 148.21 | OK | |
| r-release-linux-x86_64 | 1.0.0 | 16.21 | 132.71 | 148.92 | OK | |
| r-release-macos-arm64 | 1.0.0 | 6.00 | 48.00 | 54.00 | OK | |
| r-release-macos-x86_64 | 1.0.0 | 13.00 | 99.00 | 112.00 | OK | |
| r-release-windows-x86_64 | 1.0.0 | 20.00 | 138.00 | 158.00 | OK | |
| r-oldrel-macos-arm64 | 1.0.0 | 6.00 | 32.00 | 38.00 | OK | |
| r-oldrel-macos-x86_64 | 1.0.0 | 9.00 | 74.00 | 83.00 | OK | |
| r-oldrel-windows-x86_64 | 1.0.0 | 1.00 | 9.00 | 10.00 | ERROR |
Version: 1.0.0
Check: package dependencies
Result: ERROR
Package required but not available: 'MOTE'
See section 'The DESCRIPTION file' in the 'Writing R Extensions'
manual.
Flavor: r-oldrel-windows-x86_64