Last updated on 2025-07-20 01:49:42 CEST.
Flavor | Version | Tinstall | Tcheck | Ttotal | Status | Flags |
---|---|---|---|---|---|---|
r-devel-linux-x86_64-debian-clang | 0.1.8 | 11.59 | 39.20 | 50.79 | NOTE | |
r-devel-linux-x86_64-debian-gcc | 0.1.8 | 8.37 | 29.87 | 38.24 | NOTE | |
r-devel-linux-x86_64-fedora-clang | 0.1.8 | 81.22 | OK | |||
r-devel-linux-x86_64-fedora-gcc | 0.1.8 | 79.39 | OK | |||
r-devel-windows-x86_64 | 0.1.8 | 16.00 | 79.00 | 95.00 | OK | |
r-patched-linux-x86_64 | 0.1.8 | 11.19 | 35.82 | 47.01 | OK | |
r-release-linux-x86_64 | 0.1.8 | 11.33 | 35.28 | 46.61 | OK | |
r-release-macos-arm64 | 0.1.8 | 36.00 | OK | |||
r-release-macos-x86_64 | 0.1.8 | 52.00 | OK | |||
r-release-windows-x86_64 | 0.1.8 | 17.00 | 81.00 | 98.00 | OK | |
r-oldrel-macos-arm64 | 0.1.8 | 30.00 | OK | |||
r-oldrel-macos-x86_64 | 0.1.8 | 41.00 | OK | |||
r-oldrel-windows-x86_64 | 0.1.8 | 19.00 | 92.00 | 111.00 | OK |
Version: 0.1.8
Check: CRAN incoming feasibility
Result: NOTE
Maintainer: ‘Chung-hong Chan <chainsawtiney@gmail.com>’
The Description field contains
(Mazini et al., 2019) <arXiv:1904.04047>, SemAxis (An et al., 2018)
<arXiv:1806.05521>, Relative Negative Sentiment Bias (Sweeney &
Test (Dev & Phillips, 2019) <arXiv:1901.07656>.
Please refer to arXiv e-prints via their arXiv DOI <doi:10.48550/arXiv.YYMM.NNNNN>.
Flavors: r-devel-linux-x86_64-debian-clang, r-devel-linux-x86_64-debian-gcc