Last updated on 2025-11-20 02:49:28 CET.
| Flavor | Version | Tinstall | Tcheck | Ttotal | Status | Flags |
|---|---|---|---|---|---|---|
| r-devel-linux-x86_64-debian-clang | 0.9-5 | 4.11 | 33.02 | 37.13 | NOTE | |
| r-devel-linux-x86_64-debian-gcc | 0.9-5 | 3.43 | 25.40 | 28.83 | NOTE | |
| r-devel-linux-x86_64-fedora-clang | 0.9-5 | 53.54 | OK | |||
| r-devel-linux-x86_64-fedora-gcc | 0.9-5 | 72.08 | OK | |||
| r-devel-windows-x86_64 | 0.9-5 | 6.00 | 49.00 | 55.00 | OK | |
| r-patched-linux-x86_64 | 0.9-5 | 3.73 | 30.81 | 34.54 | OK | |
| r-release-linux-x86_64 | 0.9-5 | 4.16 | 30.55 | 34.71 | OK | |
| r-release-macos-arm64 | 0.9-5 | OK | ||||
| r-release-macos-x86_64 | 0.9-5 | 3.00 | 49.00 | 52.00 | OK | |
| r-release-windows-x86_64 | 0.9-5 | 6.00 | 50.00 | 56.00 | OK | |
| r-oldrel-macos-arm64 | 0.9-5 | OK | ||||
| r-oldrel-macos-x86_64 | 0.9-5 | 2.00 | 43.00 | 45.00 | OK | |
| r-oldrel-windows-x86_64 | 0.9-5 | 5.00 | 57.00 | 62.00 | OK |
Version: 0.9-5
Check: CRAN incoming feasibility
Result: NOTE
Maintainer: ‘Philippe Grosjean <phgrosjean@sciviews.org>’
Package CITATION file contains call(s) to old-style personList() or
as.personList(). Please use c() on person objects instead.
Package CITATION file contains call(s) to old-style citEntry(). Please
use bibentry() instead.
Found the following \keyword or \concept entries
which likely give several index terms:
File ‘bibRNews.Rd’:
\concept{ BibTeX bibliography, R News }
Flavors: r-devel-linux-x86_64-debian-clang, r-devel-linux-x86_64-debian-gcc