Last updated on 2025-11-15 12:49:50 CET.
| Flavor | Version | Tinstall | Tcheck | Ttotal | Status | Flags |
|---|---|---|---|---|---|---|
| r-devel-linux-x86_64-debian-clang | 3.8-3 | 60.30 | 571.18 | 631.48 | OK | |
| r-devel-linux-x86_64-debian-gcc | 3.8-3 | 44.38 | 399.51 | 443.89 | OK | |
| r-devel-linux-x86_64-fedora-clang | 3.8-3 | 123.00 | 838.72 | 961.72 | OK | |
| r-devel-linux-x86_64-fedora-gcc | 3.8-3 | 136.00 | 835.12 | 971.12 | OK | |
| r-devel-windows-x86_64 | 3.8-3 | 123.00 | 705.00 | 828.00 | OK | |
| r-patched-linux-x86_64 | 3.8-3 | 63.24 | 552.86 | 616.10 | OK | |
| r-release-linux-x86_64 | 3.8-3 | 60.67 | 552.60 | 613.27 | OK | |
| r-release-macos-arm64 | 3.8-3 | 31.00 | 295.00 | 326.00 | OK | |
| r-release-macos-x86_64 | 3.8-3 | 74.00 | 662.00 | 736.00 | OK | |
| r-release-windows-x86_64 | 3.8-3 | 89.00 | 715.00 | 804.00 | OK | |
| r-oldrel-macos-arm64 | 3.8-3 | 26.00 | 261.00 | 287.00 | NOTE | |
| r-oldrel-macos-x86_64 | 3.8-3 | 73.00 | 579.00 | 652.00 | NOTE | |
| r-oldrel-windows-x86_64 | 3.8-3 | 116.00 | 824.00 | 940.00 | NOTE |
Version: 3.8-3
Check: installed package size
Result: NOTE
installed size is 11.0Mb
sub-directories of 1Mb or more:
R 2.0Mb
data 2.3Mb
doc 5.3Mb
Flavors: r-oldrel-macos-arm64, r-oldrel-macos-x86_64, r-oldrel-windows-x86_64