Last updated on 2025-07-19 19:50:03 CEST.
Flavor | Version | Tinstall | Tcheck | Ttotal | Status | Flags |
---|---|---|---|---|---|---|
r-devel-linux-x86_64-debian-clang | 1.1.26 | 16.60 | 111.72 | 128.32 | NOTE | |
r-devel-linux-x86_64-debian-gcc | 1.1.26 | 9.00 | 81.14 | 90.14 | NOTE | |
r-devel-linux-x86_64-fedora-clang | 1.1.26 | 199.25 | OK | |||
r-devel-linux-x86_64-fedora-gcc | 1.1.26 | 196.07 | OK | |||
r-devel-windows-x86_64 | 1.1.26 | 18.00 | 113.00 | 131.00 | NOTE | |
r-patched-linux-x86_64 | 1.1.26 | 15.21 | 106.14 | 121.35 | NOTE | |
r-release-linux-x86_64 | 1.1.26 | 14.12 | 107.63 | 121.75 | NOTE | |
r-release-macos-arm64 | 1.1.26 | 88.00 | OK | |||
r-release-macos-x86_64 | 1.1.26 | 128.00 | OK | |||
r-release-windows-x86_64 | 1.1.26 | 17.00 | 114.00 | 131.00 | NOTE | |
r-oldrel-macos-arm64 | 1.1.26 | 49.00 | OK | |||
r-oldrel-macos-x86_64 | 1.1.26 | 79.00 | OK | |||
r-oldrel-windows-x86_64 | 1.1.26 | 21.00 | 144.00 | 165.00 | OK |
Version: 1.1.26
Check: Rd cross-references
Result: NOTE
Found the following Rd file(s) with Rd \link{} targets missing package
anchors:
surrosurv.Rd: optimx
Please provide package anchors for all Rd \link{} targets not in the
package itself and the base packages.
Flavors: r-devel-linux-x86_64-debian-clang, r-devel-linux-x86_64-debian-gcc, r-devel-windows-x86_64, r-patched-linux-x86_64, r-release-linux-x86_64, r-release-windows-x86_64