Last updated on 2025-11-22 21:49:56 CET.
| Flavor | Version | Tinstall | Tcheck | Ttotal | Status | Flags |
|---|---|---|---|---|---|---|
| r-devel-linux-x86_64-debian-clang | 0.7-0 | 3.49 | 41.56 | 45.05 | NOTE | |
| r-devel-linux-x86_64-debian-gcc | 0.7-0 | 2.35 | 31.99 | 34.34 | NOTE | |
| r-devel-linux-x86_64-fedora-clang | 0.7-0 | 21.00 | 49.44 | 70.44 | OK | |
| r-devel-linux-x86_64-fedora-gcc | 0.7-0 | 26.00 | 45.26 | 71.26 | OK | |
| r-devel-windows-x86_64 | 0.7-0 | 6.00 | 62.00 | 68.00 | OK | |
| r-patched-linux-x86_64 | 0.7-0 | 4.00 | 38.75 | 42.75 | OK | |
| r-release-linux-x86_64 | 0.7-0 | 3.04 | 38.62 | 41.66 | OK | |
| r-release-macos-arm64 | 0.7-0 | OK | ||||
| r-release-macos-x86_64 | 0.7-0 | 3.00 | 41.00 | 44.00 | OK | |
| r-release-windows-x86_64 | 0.7-0 | 6.00 | 68.00 | 74.00 | OK | |
| r-oldrel-macos-arm64 | 0.7-0 | OK | ||||
| r-oldrel-macos-x86_64 | 0.7-0 | 3.00 | 34.00 | 37.00 | OK | |
| r-oldrel-windows-x86_64 | 0.7-0 | 6.00 | 69.00 | 75.00 | OK |
Version: 0.7-0
Check: CRAN incoming feasibility
Result: NOTE
Maintainer: ‘Hideo Aizaki <azk-r@spa.nifty.com>’
No Authors@R field in DESCRIPTION.
Please add one, modifying
Authors@R: person(given = "Hideo",
family = "Aizaki",
role = c("aut", "cre"),
email = "azk-r@spa.nifty.com")
as necessary.
Flavors: r-devel-linux-x86_64-debian-clang, r-devel-linux-x86_64-debian-gcc