Last updated on 2025-07-15 11:49:41 CEST.
Flavor | Version | Tinstall | Tcheck | Ttotal | Status | Flags |
---|---|---|---|---|---|---|
r-devel-linux-x86_64-debian-clang | 0.4-6 | 3.04 | 27.73 | 30.77 | NOTE | |
r-devel-linux-x86_64-debian-gcc | 0.4-6 | 1.94 | 21.31 | 23.25 | NOTE | |
r-devel-linux-x86_64-fedora-clang | 0.4-6 | 45.25 | OK | |||
r-devel-linux-x86_64-fedora-gcc | 0.4-6 | 48.09 | OK | |||
r-devel-windows-x86_64 | 0.4-6 | 5.00 | 48.00 | 53.00 | OK | |
r-patched-linux-x86_64 | 0.4-6 | 3.44 | 26.18 | 29.62 | OK | |
r-release-linux-x86_64 | 0.4-6 | 2.51 | 26.15 | 28.66 | OK | |
r-release-macos-arm64 | 0.4-6 | 18.00 | OK | |||
r-release-macos-x86_64 | 0.4-6 | 30.00 | OK | |||
r-release-windows-x86_64 | 0.4-6 | 4.00 | 48.00 | 52.00 | OK | |
r-oldrel-macos-arm64 | 0.4-6 | 17.00 | OK | |||
r-oldrel-macos-x86_64 | 0.4-6 | 24.00 | OK | |||
r-oldrel-windows-x86_64 | 0.4-6 | 5.00 | 55.00 | 60.00 | OK |
Version: 0.4-6
Check: CRAN incoming feasibility
Result: NOTE
Maintainer: ‘Hideo Aizaki <azk-r@spa.nifty.com>’
No Authors@R field in DESCRIPTION.
Please add one, modifying
Authors@R: person(given = "Hideo",
family = "Aizaki",
role = c("aut", "cre"),
email = "azk-r@spa.nifty.com")
as necessary.
Flavors: r-devel-linux-x86_64-debian-clang, r-devel-linux-x86_64-debian-gcc